{"id":9294,"date":"2024-08-01T11:01:17","date_gmt":"2024-08-01T09:01:17","guid":{"rendered":"https:\/\/ropam.com.pl\/wsparcie\/?post_type=product&#038;p=9294"},"modified":"2025-12-22T09:23:28","modified_gmt":"2025-12-22T08:23:28","slug":"io-ari","status":"publish","type":"product","link":"https:\/\/ropam.com.pl\/wsparcie\/io-ari\/","title":{"rendered":"IO-ari"},"content":{"rendered":"<h3 style=\"text-align: center;\"><span style=\"font-size: 36pt;\"><b>IO-ari<\/b><\/span><\/h3>\n<p style=\"text-align: center;\">Bezprzewodowy modu\u0142 wej\u015bcia-wyj\u015bcia, kt\u00f3ry nale\u017cy do serii bezprzewodowych urz\u0105dze\u0144 systemu ARI. Do pe\u0142nego dzia\u0142ania systemowego niezb\u0119dny jest punkt dost\u0119powy <b>APm-ari<\/b>\u00a0oraz centrala z rodziny <b>Neo-IP-64<\/b> lub <b>Neo-IP<\/b>.<\/p>\n<p style=\"text-align: center;\"><img loading=\"lazy\" decoding=\"async\" class=\"wp-image-9816 aligncenter\" src=\"https:\/\/ropam.com.pl\/wsparcie\/wp-content\/uploads\/2024\/08\/IOari-1.png\" alt=\"\" width=\"141\" height=\"267\" srcset=\"https:\/\/ropam.com.pl\/wsparcie\/wp-content\/uploads\/2024\/08\/IOari-1.png 128w, https:\/\/ropam.com.pl\/wsparcie\/wp-content\/uploads\/2024\/08\/IOari-1-32x60.png 32w\" sizes=\"auto, (max-width: 141px) 100vw, 141px\" \/><\/p>\n<h3><strong style=\"color: #07acf2; font-family: 'arial black', sans-serif;\">W\u0142a\u015bciwo\u015bci modu\u0142u IO-ari<\/strong><\/h3>\n<p><b>\u00bb <\/b>Kompatybilno\u015b\u0107 z centralami z serii <b><strong>Neo-IP-64<\/strong><\/b> i <b><strong>Neo-IP<\/strong><\/b><br \/>\n<span style=\"color: #000000;\"><span style=\"font-size: 14pt;\">\u00bb <\/span><\/span>Zgodno\u015b\u0107 z norm\u0105 PN-EN 50131-2-2 stopie\u0144 2<br \/>\n<span style=\"color: #000000;\"><span style=\"font-size: 14pt;\">\u00bb <\/span><\/span>Styk sabota\u017cowy: otwarcie obudowy, oderwanie obudowy od pod\u0142o\u017ca<br \/>\n<span style=\"color: #000000;\"><span style=\"font-size: 14pt;\">\u00bb <\/span><\/span>1 x wej\u015bcie NC<br \/>\n<span style=\"color: #000000;\"><span style=\"font-size: 14pt;\">\u00bb <\/span><\/span>1 x wej\u015bcie przeka\u017anikowe NO\/NC<\/p>\n<h3><strong style=\"color: #07acf2; font-family: 'arial black', sans-serif;\">W\u0142a\u015bciwo\u015bci komunikacji ari<\/strong><\/h3>\n<p><span style=\"color: #000000;\"><span style=\"font-size: 14pt;\">\u00bb <\/span><\/span>Automatyczne sterowanie moc\u0105 nadawania, do +10dBm, w zale\u017cno\u015bci od si\u0142y (RSSI) i jako\u015bci (LI) dla maksymalnej \u017cywotno\u015bci baterii<br \/>\n<span style=\"color: #000000;\"><span style=\"font-size: 14pt;\">\u00bb <\/span><\/span>Dwukierunkowa, szyfrowana komunikacja w pa\u015bmie ISM 868 MHz<br \/>\n<span style=\"color: #000000;\"><span style=\"font-size: 14pt;\">\u00bb <\/span><\/span>Wysoka czu\u0142o\u015b\u0107 RF do -110dBm<br \/>\n<span style=\"color: #000000;\"><span style=\"font-size: 14pt;\">\u00bb <\/span><\/span>Zasi\u0119g do 2000m w terenie otwartym<\/p>\n<h3><span style=\"font-family: 'arial black', sans-serif; color: #07acf2;\"><strong>W\u0142a\u015bciwo\u015bci og\u00f3lne<\/strong><\/span><\/h3>\n<p><span style=\"color: #000000;\"><span style=\"font-size: 14pt;\">\u00bb <\/span><\/span>Sygnalizacja optyczna: alarm, brak \u0142\u0105czno\u015bci, niskie napi\u0119cie baterii<br \/>\n<span style=\"color: #000000;\"><span style=\"font-size: 14pt;\">\u00bb <\/span><\/span>Obudowa natynkowa z ABS, bia\u0142a<br \/>\n<span style=\"color: #000000;\"><span style=\"font-size: 14pt;\">\u00bb <\/span><\/span>Wymiary: 32x81x28 (czujka) WxHxD [mm]<br \/>\n<span style=\"color: #000000;\"><span style=\"font-size: 14pt;\">\u00bb <\/span><\/span>Temperatura pracy: -10&#8217;C do +55&#8217;C<br \/>\n<span style=\"color: #000000;\"><span style=\"font-size: 14pt;\">\u00bb <\/span><\/span>Zasilanie: bateria ER14250M, \u017cywotno\u015b\u0107 ok. 2-3 lata lub 9-15VDC<\/p>\n<p>&nbsp;<\/p>\n<p><img loading=\"lazy\" decoding=\"async\" class=\"wp-image-9814 aligncenter\" src=\"https:\/\/ropam.com.pl\/wsparcie\/wp-content\/uploads\/2024\/08\/ari_960x378-1.jpg\" alt=\"\" width=\"1051\" height=\"414\" srcset=\"https:\/\/ropam.com.pl\/wsparcie\/wp-content\/uploads\/2024\/08\/ari_960x378-1.jpg 960w, https:\/\/ropam.com.pl\/wsparcie\/wp-content\/uploads\/2024\/08\/ari_960x378-1-300x118.jpg 300w, https:\/\/ropam.com.pl\/wsparcie\/wp-content\/uploads\/2024\/08\/ari_960x378-1-768x302.jpg 768w, https:\/\/ropam.com.pl\/wsparcie\/wp-content\/uploads\/2024\/08\/ari_960x378-1-600x236.jpg 600w, https:\/\/ropam.com.pl\/wsparcie\/wp-content\/uploads\/2024\/08\/ari_960x378-1-60x24.jpg 60w\" sizes=\"auto, (max-width: 1051px) 100vw, 1051px\" \/><\/p>\n<p>&nbsp;<\/p>\n<h3 style=\"text-align: center;\"><span style=\"font-size: 24pt; color: #ff0000;\"><strong style=\"font-family: 'arial black', sans-serif;\">W PE\u0141NI POLSKI PRODUKT<\/strong><\/span><\/h3>\n<p style=\"text-align: center;\"><span style=\"font-size: 14pt; font-family: georgia, palatino, serif;\">Ca\u0142y etap produkcji, od pomys\u0142u po wykonanie ko\u0144cowe oparte s\u0105 o autorskie rozwi\u0105zania oraz dog\u0142\u0119bna analiz\u0119 potrzeb i trend\u00f3w na rynku.<\/span><\/p>\n<p style=\"text-align: center;\"><img loading=\"lazy\" decoding=\"async\" class=\"wp-image-9726 aligncenter\" src=\"https:\/\/ropam.com.pl\/wsparcie\/wp-content\/uploads\/2018\/04\/Obraz1.png\" alt=\"\" width=\"303\" height=\"278\" srcset=\"https:\/\/ropam.com.pl\/wsparcie\/wp-content\/uploads\/2018\/04\/Obraz1.png 292w, https:\/\/ropam.com.pl\/wsparcie\/wp-content\/uploads\/2018\/04\/Obraz1-60x55.png 60w\" sizes=\"auto, (max-width: 303px) 100vw, 303px\" \/><\/p>\n","protected":false},"excerpt":{"rendered":"<p><span style=\"font-size: 14pt;\">Bezprzewodowy modu\u0142 wej\u015bcia-wyj\u015bcia<\/span><\/p>\n","protected":false},"featured_media":9570,"comment_status":"open","ping_status":"closed","template":"","meta":{"_acf_changed":false,"rank_math_lock_modified_date":false,"inline_featured_image":false},"product_cat":[591],"product_tag":[],"class_list":{"0":"post-9294","1":"product","2":"type-product","3":"status-publish","4":"has-post-thumbnail","6":"product_cat-czujniki","8":"first","9":"instock","10":"taxable","11":"shipping-taxable","12":"purchasable","13":"product-type-simple"},"acf":[],"_links":{"self":[{"href":"https:\/\/ropam.com.pl\/wsparcie\/wp-json\/wp\/v2\/product\/9294","targetHints":{"allow":["GET"]}}],"collection":[{"href":"https:\/\/ropam.com.pl\/wsparcie\/wp-json\/wp\/v2\/product"}],"about":[{"href":"https:\/\/ropam.com.pl\/wsparcie\/wp-json\/wp\/v2\/types\/product"}],"replies":[{"embeddable":true,"href":"https:\/\/ropam.com.pl\/wsparcie\/wp-json\/wp\/v2\/comments?post=9294"}],"wp:featuredmedia":[{"embeddable":true,"href":"https:\/\/ropam.com.pl\/wsparcie\/wp-json\/wp\/v2\/media\/9570"}],"wp:attachment":[{"href":"https:\/\/ropam.com.pl\/wsparcie\/wp-json\/wp\/v2\/media?parent=9294"}],"wp:term":[{"taxonomy":"product_cat","embeddable":true,"href":"https:\/\/ropam.com.pl\/wsparcie\/wp-json\/wp\/v2\/product_cat?post=9294"},{"taxonomy":"product_tag","embeddable":true,"href":"https:\/\/ropam.com.pl\/wsparcie\/wp-json\/wp\/v2\/product_tag?post=9294"}],"curies":[{"name":"wp","href":"https:\/\/api.w.org\/{rel}","templated":true}]}}