{"id":9288,"date":"2024-08-01T10:39:07","date_gmt":"2024-08-01T08:39:07","guid":{"rendered":"https:\/\/ropam.com.pl\/wsparcie\/?post_type=product&#038;p=9288"},"modified":"2025-12-22T09:24:13","modified_gmt":"2025-12-22T08:24:13","slug":"fs-ari","status":"publish","type":"product","link":"https:\/\/ropam.com.pl\/wsparcie\/fs-ari\/","title":{"rendered":"FS-ari"},"content":{"rendered":"<h3 style=\"text-align: center;\"><span style=\"font-size: 36pt;\"><b>FS-ari<\/b><\/span><\/h3>\n<p style=\"text-align: center;\"><span style=\"font-size: 14pt;\">Bezprzewodowa czujka zalania, kt\u00f3ra nale\u017cy do serii bezprzewodowych urz\u0105dze\u0144 systemu ARI. Do poprawnego dzia\u0142ania niezb\u0119dny jest punkt dost\u0119powy <b>APm-ari<\/b>\u00a0oraz centrala z rodziny <b>Neo-IP-64<\/b> lub <b>Neo-IP<\/b>.<\/span><\/p>\n<p>&nbsp;<\/p>\n<p style=\"text-align: center;\"><img loading=\"lazy\" decoding=\"async\" class=\"wp-image-9817 alignnone\" src=\"https:\/\/ropam.com.pl\/wsparcie\/wp-content\/uploads\/2024\/08\/FS_ari-1.png\" alt=\"\" width=\"491\" height=\"335\" srcset=\"https:\/\/ropam.com.pl\/wsparcie\/wp-content\/uploads\/2024\/08\/FS_ari-1.png 2200w, https:\/\/ropam.com.pl\/wsparcie\/wp-content\/uploads\/2024\/08\/FS_ari-1-300x205.png 300w, https:\/\/ropam.com.pl\/wsparcie\/wp-content\/uploads\/2024\/08\/FS_ari-1-1024x698.png 1024w, https:\/\/ropam.com.pl\/wsparcie\/wp-content\/uploads\/2024\/08\/FS_ari-1-768x524.png 768w, https:\/\/ropam.com.pl\/wsparcie\/wp-content\/uploads\/2024\/08\/FS_ari-1-1536x1047.png 1536w, https:\/\/ropam.com.pl\/wsparcie\/wp-content\/uploads\/2024\/08\/FS_ari-1-2048x1396.png 2048w, https:\/\/ropam.com.pl\/wsparcie\/wp-content\/uploads\/2024\/08\/FS_ari-1-600x409.png 600w, https:\/\/ropam.com.pl\/wsparcie\/wp-content\/uploads\/2024\/08\/FS_ari-1-60x41.png 60w\" sizes=\"auto, (max-width: 491px) 100vw, 491px\" \/><\/p>\n<h3><span style=\"font-family: 'arial black', sans-serif; color: #07acf2;\"><strong>W\u0142a\u015bciwo\u015bci czujki zalania<\/strong><\/span><\/h3>\n<p><b>\u00bb <\/b>Kompatybilno\u015b\u0107 z centralami z serii <b><strong>Neo-IP-64<\/strong><\/b> i <b><strong>Neo-IP<\/strong><br \/>\n<\/b><span style=\"color: #000000;\"><strong>\u00bb <\/strong><\/span>Zgodno\u015b\u0107 z norm\u0105 PN-EN 50131-2 stopie\u0144 2<br \/>\n<span style=\"color: #000000;\"><strong>\u00bb <\/strong><\/span>Wykrycie zalania chronionej powierzchni za pomoc\u0105 sondy rezystancyjnej<\/p>\n<h3><span style=\"font-family: 'arial black', sans-serif; color: #07acf2;\"><strong>W\u0142a\u015bciwo\u015bci komunikacji ari<\/strong><\/span><\/h3>\n<p><span style=\"color: #000000;\"><strong>\u00bb <\/strong><\/span>Automatyczne sterowanie moc\u0105 nadawania, do +10dBm, w zale\u017cno\u015bci od si\u0142y (RSSI) i jako\u015bci (LQI) dla maksymalnej \u017cywotno\u015bci baterii<br \/>\n<span style=\"color: #000000;\"><strong>\u00bb <\/strong><\/span>Dwukierunkowa, szyfrowana komunikacja w pa\u015bmie ISM 868 MHz<br \/>\n<span style=\"color: #000000;\"><strong>\u00bb <\/strong><\/span>Wysoka czu\u0142o\u015b\u0107 RF do -110 dBm<br \/>\n<span style=\"color: #000000;\"><strong>\u00bb <\/strong><\/span>Zasi\u0119g do 2000m w terenie otwartym<\/p>\n<h3><span style=\"font-family: 'arial black', sans-serif; color: #07acf2;\"><strong>W\u0142a\u015bciwo\u015bci og\u00f3lne<\/strong><\/span><\/h3>\n<p><span style=\"color: #000000;\"><strong>\u00bb <\/strong><\/span>Sygnalizacja optyczna: alarm, brak \u0142\u0105czno\u015bci, niskie napi\u0119cie baterii<br \/>\n<span style=\"color: #000000;\"><strong>\u00bb <\/strong><\/span>Obudowa natynkowa ABS bia\u0142a<br \/>\n<span style=\"color: #000000;\"><strong>\u00bb <\/strong><\/span>Wymiary: 32x81x28 (czujka), 20x30x9 (sonda razem z ko\u0142nierzem) WxHxD [mm], kabel ok. 1m<br \/>\n<span style=\"color: #000000;\"><strong>\u00bb <\/strong><\/span>Temperatura pracy: -10\u00b0C do +55\u00b0C<br \/>\n<span style=\"color: #000000;\"><strong>\u00bb <\/strong><\/span>Zasilanie: bateria ER14250M, \u017cywotno\u015b\u0107 ok 2-3 lata<\/p>\n<p><img loading=\"lazy\" decoding=\"async\" class=\"aligncenter wp-image-9814\" src=\"https:\/\/ropam.com.pl\/wsparcie\/wp-content\/uploads\/2024\/08\/ari_960x378-1.jpg\" alt=\"\" width=\"1069\" height=\"421\" srcset=\"https:\/\/ropam.com.pl\/wsparcie\/wp-content\/uploads\/2024\/08\/ari_960x378-1.jpg 960w, https:\/\/ropam.com.pl\/wsparcie\/wp-content\/uploads\/2024\/08\/ari_960x378-1-300x118.jpg 300w, https:\/\/ropam.com.pl\/wsparcie\/wp-content\/uploads\/2024\/08\/ari_960x378-1-768x302.jpg 768w, https:\/\/ropam.com.pl\/wsparcie\/wp-content\/uploads\/2024\/08\/ari_960x378-1-600x236.jpg 600w, https:\/\/ropam.com.pl\/wsparcie\/wp-content\/uploads\/2024\/08\/ari_960x378-1-60x24.jpg 60w\" sizes=\"auto, (max-width: 1069px) 100vw, 1069px\" \/><\/p>\n<p>&nbsp;<\/p>\n<h3 style=\"text-align: center;\"><span style=\"font-size: 24pt; color: #ff0000;\"><strong style=\"font-family: 'arial black', sans-serif;\">W PE\u0141NI POLSKI PRODUKT<\/strong><\/span><\/h3>\n<p style=\"text-align: center;\"><span style=\"font-size: 14pt;\">Ca\u0142y etap produkcji, od pomys\u0142u po wykonanie ko\u0144cowe oparte s\u0105 o autorskie rozwi\u0105zania oraz dog\u0142\u0119bn\u0105 analiz\u0119 potrzeb i trend\u00f3w na\u00a0 rynku.<\/span><\/p>\n<p style=\"text-align: center;\"><img loading=\"lazy\" decoding=\"async\" class=\"wp-image-9726 alignnone\" src=\"https:\/\/ropam.com.pl\/wsparcie\/wp-content\/uploads\/2018\/04\/Obraz1.png\" alt=\"\" width=\"354\" height=\"325\" srcset=\"https:\/\/ropam.com.pl\/wsparcie\/wp-content\/uploads\/2018\/04\/Obraz1.png 292w, https:\/\/ropam.com.pl\/wsparcie\/wp-content\/uploads\/2018\/04\/Obraz1-60x55.png 60w\" sizes=\"auto, (max-width: 354px) 100vw, 354px\" \/><\/p>\n","protected":false},"excerpt":{"rendered":"<p><span style=\"font-size: 14pt;\">Bezprzewodowa czujka zalania<\/span><\/p>\n","protected":false},"featured_media":9563,"comment_status":"open","ping_status":"closed","template":"","meta":{"_acf_changed":false,"rank_math_lock_modified_date":false,"inline_featured_image":false},"product_cat":[591],"product_tag":[],"class_list":{"0":"post-9288","1":"product","2":"type-product","3":"status-publish","4":"has-post-thumbnail","6":"product_cat-czujniki","8":"first","9":"instock","10":"taxable","11":"shipping-taxable","12":"purchasable","13":"product-type-simple"},"acf":[],"_links":{"self":[{"href":"https:\/\/ropam.com.pl\/wsparcie\/wp-json\/wp\/v2\/product\/9288","targetHints":{"allow":["GET"]}}],"collection":[{"href":"https:\/\/ropam.com.pl\/wsparcie\/wp-json\/wp\/v2\/product"}],"about":[{"href":"https:\/\/ropam.com.pl\/wsparcie\/wp-json\/wp\/v2\/types\/product"}],"replies":[{"embeddable":true,"href":"https:\/\/ropam.com.pl\/wsparcie\/wp-json\/wp\/v2\/comments?post=9288"}],"wp:featuredmedia":[{"embeddable":true,"href":"https:\/\/ropam.com.pl\/wsparcie\/wp-json\/wp\/v2\/media\/9563"}],"wp:attachment":[{"href":"https:\/\/ropam.com.pl\/wsparcie\/wp-json\/wp\/v2\/media?parent=9288"}],"wp:term":[{"taxonomy":"product_cat","embeddable":true,"href":"https:\/\/ropam.com.pl\/wsparcie\/wp-json\/wp\/v2\/product_cat?post=9288"},{"taxonomy":"product_tag","embeddable":true,"href":"https:\/\/ropam.com.pl\/wsparcie\/wp-json\/wp\/v2\/product_tag?post=9288"}],"curies":[{"name":"wp","href":"https:\/\/api.w.org\/{rel}","templated":true}]}}