{"id":8989,"date":"2022-02-09T10:39:05","date_gmt":"2022-02-09T09:39:05","guid":{"rendered":"https:\/\/ropam.com.pl\/wsparcie\/produkt\/home-assistant\/"},"modified":"2025-05-06T09:51:54","modified_gmt":"2025-05-06T07:51:54","slug":"home-assistant","status":"publish","type":"product","link":"https:\/\/ropam.com.pl\/wsparcie\/home-assistant\/","title":{"rendered":"Home Assistant-MQTT"},"content":{"rendered":"<p>&nbsp;<\/p>\r\n<p>Integracja centrali z<strong> <a href=\"https:\/\/ropam.com.pl\/wsparcie\/kategoria-produktu\/centrale-alarmowe\/seria-neo-ip-64\/\">serii Neo-IP-64<\/a><\/strong> z oprogramowaniem Home Assistant jest mo\u017cliwa poprzez protok\u00f3\u0142 <strong>MQTT <\/strong>lub <strong>Modbus TCP\/IP<\/strong><strong>.<\/strong><\/p>\r\n<p><strong>MQTT<\/strong> jest to rodzaj transmisji danych umo\u017cliwiaj\u0105cy przesy\u0142anie informacji pomi\u0119dzy urz\u0105dzeniami. Urz\u0105dzenia komunikuj\u0105 si\u0119 mi\u0119dzy sob\u0105 poprzez publikacj\u0119 wiadomo\u015bci na wsp\u00f3lnym serwerze, czyli tak zwanym brokerze <strong>MQTT<\/strong>. Broker umo\u017cliwia z jednej strony publikacj\u0119 wiadomo\u015bci z drugiej ich odczyt przez inne urz\u0105dzenia. Dzi\u0119ki temu jest mo\u017cliwe przesy\u0142anie r\u00f3\u017cnego rodzaju informacji pomi\u0119dzy systemami np. <strong>ROPAM &#8211; HOME ASSISTANT<\/strong><\/p>\r\n<p><img loading=\"lazy\" decoding=\"async\" class=\"aligncenter wp-image-12688 size-large\" src=\"https:\/\/ropam.com.pl\/wsparcie\/wp-content\/uploads\/2022\/02\/MQTT-1024x207.png\" alt=\"\" width=\"1024\" height=\"207\" srcset=\"https:\/\/ropam.com.pl\/wsparcie\/wp-content\/uploads\/2022\/02\/MQTT-1024x207.png 1024w, https:\/\/ropam.com.pl\/wsparcie\/wp-content\/uploads\/2022\/02\/MQTT-300x61.png 300w, https:\/\/ropam.com.pl\/wsparcie\/wp-content\/uploads\/2022\/02\/MQTT-768x156.png 768w, https:\/\/ropam.com.pl\/wsparcie\/wp-content\/uploads\/2022\/02\/MQTT-1536x311.png 1536w, https:\/\/ropam.com.pl\/wsparcie\/wp-content\/uploads\/2022\/02\/MQTT-600x121.png 600w, https:\/\/ropam.com.pl\/wsparcie\/wp-content\/uploads\/2022\/02\/MQTT-60x12.png 60w, https:\/\/ropam.com.pl\/wsparcie\/wp-content\/uploads\/2022\/02\/MQTT.png 2005w\" sizes=\"auto, (max-width: 1024px) 100vw, 1024px\" \/><\/p><div class=\"wp-block-image is-style-rounded\">\r\n<figure class=\"aligncenter size-large is-resized\"><\/figure>\r\n<p><strong>MODBUS\u00a0<\/strong>jest protoko\u0142em s\u0142u\u017c\u0105cym do przesy\u0142ania danych pomi\u0119dzy urz\u0105dzeniami. Dane te mog\u0105 s\u0142u\u017cy\u0107 do uruchomienia i integracji automatyki pomi\u0119dzy r\u00f3\u017cnymi systemami obs\u0142uguj\u0105cymi MODBUS. Protok\u00f3\u0142 mo\u017ce pracowa\u0107 przy r\u00f3\u017cnych rodzajach po\u0142\u0105cze\u0144 w tym poprzez sie\u0107 TCP\/IP.\u00a0 Do poprawnej pracy wymagane jest urz\u0105dzenie nadrz\u0119dne (tzw. &#8220;MASTER&#8221;) kt\u00f3re komunikuje si\u0119 z modu\u0142ami podrz\u0119dnymi (&#8220;SLAVE&#8221;). Centrale z serii <a href=\"https:\/\/ropam.com.pl\/wsparcie\/kategoria-produktu\/centrale-alarmowe\/seria-neo-ip-64\/\"><strong>Neo-IP-64 <\/strong><\/a>jest wyposa\u017cona w protok\u00f3\u0142 <strong>MODBUS TCP\/IP SLAVE.<\/strong><\/p>\r\n<p><img loading=\"lazy\" decoding=\"async\" class=\"aligncenter wp-image-12689 size-large\" src=\"https:\/\/ropam.com.pl\/wsparcie\/wp-content\/uploads\/2022\/02\/MODBUS-1024x273.png\" alt=\"\" width=\"1024\" height=\"273\" srcset=\"https:\/\/ropam.com.pl\/wsparcie\/wp-content\/uploads\/2022\/02\/MODBUS-1024x273.png 1024w, https:\/\/ropam.com.pl\/wsparcie\/wp-content\/uploads\/2022\/02\/MODBUS-300x80.png 300w, https:\/\/ropam.com.pl\/wsparcie\/wp-content\/uploads\/2022\/02\/MODBUS-768x205.png 768w, https:\/\/ropam.com.pl\/wsparcie\/wp-content\/uploads\/2022\/02\/MODBUS-1536x410.png 1536w, https:\/\/ropam.com.pl\/wsparcie\/wp-content\/uploads\/2022\/02\/MODBUS-600x160.png 600w, https:\/\/ropam.com.pl\/wsparcie\/wp-content\/uploads\/2022\/02\/MODBUS-60x16.png 60w, https:\/\/ropam.com.pl\/wsparcie\/wp-content\/uploads\/2022\/02\/MODBUS.png 1873w\" sizes=\"auto, (max-width: 1024px) 100vw, 1024px\" \/><\/p>\r\n<p>Poprzez protok\u00f3\u0142 <strong>MQTT<\/strong> b\u0119d\u0105cy wyposa\u017ceniem central<strong><a href=\"https:\/\/ropam.com.pl\/wsparcie\/kategoria-produktu\/centrale-alarmowe\/seria-neo-ip-64\/neo-ip-64-seria\/\"> Neo-IP-64<\/a>, <a href=\"https:\/\/ropam.com.pl\/wsparcie\/kategoria-produktu\/centrale-alarmowe\/seria-neo-ip-64\/neolte-ip-64-seria\/\">NeoLTE-IP-64<\/a><\/strong> i\u00a0<strong><a href=\"https:\/\/ropam.com.pl\/wsparcie\/kategoria-produktu\/centrale-alarmowe\/seria-neo-ip-64\/neogsm-ip-64-seria\/\">NeoGSM-IP-64<\/a><\/strong> mo\u017cliwe jest mi\u0119dzy innymi:<\/p>\r\n<ul>\r\n<li><strong>\u00a0<\/strong>odczyt stanu wej\u015b\u0107 alarmowych<\/li>\r\n<li>\u00a0zmian\u0119 stanu wyj\u015b\u0107 centrali<\/li>\r\n<li>\u00a0odczyt stanu wyj\u015b\u0107 centrali<\/li>\r\n<li><strong>\u00a0<\/strong>odczyt warto\u015bci z wej\u015bcia analogowego centrali,<\/li>\r\n<li><strong>\u00a0<\/strong>odczyt warto\u015bci czujnik\u00f3w temperatury, wilgotno\u015bci, jako\u015bci powietrza<\/li>\r\n<li>\u00a0odczyt stanu i sterowanie termostatami pokojowymi<\/li>\r\n<li>\u00a0odczyt stanu i sterowanie roletami<\/li>\r\n<li>\u00a0odczyt stanu i sterowanie strefami alarmowymi<\/li>\r\n<\/ul>\r\n<p>Komunikacja przez protok\u00f3\u0142 <strong>MODBUS<\/strong> umo\u017cliwia mi\u0119dzy innymi:<\/p>\r\n<ul>\r\n<li><strong>\u00a0<\/strong>odczyt stanu wej\u015b\u0107 alarmowych<\/li>\r\n<li>zmian\u0119 stanu wyj\u015b\u0107 centrali<\/li>\r\n<li>\u00a0odczyt stanu wyj\u015b\u0107 centrali<\/li>\r\n<li><strong>\u00a0<\/strong>odczyt warto\u015bci z wej\u015bcia analogowego centrali,<\/li>\r\n<li><strong>\u00a0<\/strong>odczyt warto\u015bci czujnik\u00f3w temperatury, wilgotno\u015bci, jako\u015bci powietrza<\/li>\r\n<\/ul>\r\n<p>Do integracji niezb\u0119dna jest centrala z serii <a href=\"https:\/\/ropam.com.pl\/wsparcie\/kategoria-produktu\/centrale-alarmowe\/seria-neo-ip-64\/\"><strong>Neo-IP-64<\/strong><\/a> oraz dzia\u0142aj\u0105cy serwer <strong>Home Assistant.<\/strong><\/p>\r\n<\/div>\r\n<div class=\"wp-block-group\">\r\n<div class=\"wp-block-group__inner-container\"><p>&nbsp;<\/p><\/div>\r\n<\/div>\r\n<!-- \/wp:post-content -->","protected":false},"excerpt":{"rendered":"<p>&nbsp; Integracja centrali z serii Neo-IP-64 z oprogramowaniem Home Assistant jest mo\u017cliwa poprzez protok\u00f3\u0142 MQTT lub Modbus TCP\/IP. MQTT jest to rodzaj transmisji danych umo\u017cliwiaj\u0105cy przesy\u0142anie informacji pomi\u0119dzy urz\u0105dzeniami. Urz\u0105dzenia komunikuj\u0105 si\u0119 mi\u0119dzy sob\u0105 poprzez publikacj\u0119 wiadomo\u015bci na wsp\u00f3lnym serwerze, czyli tak zwanym brokerze MQTT. Broker umo\u017cliwia z jednej strony publikacj\u0119 wiadomo\u015bci z drugiej ich [&hellip;]<\/p>\n","protected":false},"featured_media":8155,"comment_status":"open","ping_status":"closed","template":"","meta":{"_acf_changed":false,"rank_math_lock_modified_date":false,"inline_featured_image":false},"product_cat":[544,561],"product_tag":[],"class_list":{"0":"post-8989","1":"product","2":"type-product","3":"status-publish","4":"has-post-thumbnail","6":"product_cat-integracja-systemow","7":"product_cat-mqtt-home-assistant","9":"first","10":"outofstock","11":"taxable","12":"shipping-taxable","13":"product-type-simple"},"acf":[],"_links":{"self":[{"href":"https:\/\/ropam.com.pl\/wsparcie\/wp-json\/wp\/v2\/product\/8989","targetHints":{"allow":["GET"]}}],"collection":[{"href":"https:\/\/ropam.com.pl\/wsparcie\/wp-json\/wp\/v2\/product"}],"about":[{"href":"https:\/\/ropam.com.pl\/wsparcie\/wp-json\/wp\/v2\/types\/product"}],"replies":[{"embeddable":true,"href":"https:\/\/ropam.com.pl\/wsparcie\/wp-json\/wp\/v2\/comments?post=8989"}],"wp:featuredmedia":[{"embeddable":true,"href":"https:\/\/ropam.com.pl\/wsparcie\/wp-json\/wp\/v2\/media\/8155"}],"wp:attachment":[{"href":"https:\/\/ropam.com.pl\/wsparcie\/wp-json\/wp\/v2\/media?parent=8989"}],"wp:term":[{"taxonomy":"product_cat","embeddable":true,"href":"https:\/\/ropam.com.pl\/wsparcie\/wp-json\/wp\/v2\/product_cat?post=8989"},{"taxonomy":"product_tag","embeddable":true,"href":"https:\/\/ropam.com.pl\/wsparcie\/wp-json\/wp\/v2\/product_tag?post=8989"}],"curies":[{"name":"wp","href":"https:\/\/api.w.org\/{rel}","templated":true}]}}