{"id":8966,"date":"2019-08-07T11:55:41","date_gmt":"2019-08-07T09:55:41","guid":{"rendered":"https:\/\/ropam.com.pl\/wsparcie\/produkt\/usb-usbmicro-2\/"},"modified":"2025-12-19T14:40:37","modified_gmt":"2025-12-19T13:40:37","slug":"usb-usbmicro-2","status":"publish","type":"product","link":"https:\/\/ropam.com.pl\/wsparcie\/usb-usbmicro-2\/","title":{"rendered":"USB-USBmicro"},"content":{"rendered":"<h3 style=\"text-align: center;\"><span style=\"font-size: 36pt;\">USB-USBmicro<\/span><\/h3>\n<p style=\"text-align: center;\">Kabel do programowania i aktualizacji urz\u0105dze\u0144 ROPAM z USBmicro poprzez port USB komputera PC.<\/p>\n<p style=\"text-align: center;\"><img loading=\"lazy\" decoding=\"async\" class=\"wp-image-9968 aligncenter\" src=\"https:\/\/ropam.com.pl\/wsparcie\/wp-content\/uploads\/2019\/08\/USB-USBmicro.png\" alt=\"\" width=\"345\" height=\"397\" srcset=\"https:\/\/ropam.com.pl\/wsparcie\/wp-content\/uploads\/2019\/08\/USB-USBmicro.png 391w, https:\/\/ropam.com.pl\/wsparcie\/wp-content\/uploads\/2019\/08\/USB-USBmicro-261x300.png 261w, https:\/\/ropam.com.pl\/wsparcie\/wp-content\/uploads\/2019\/08\/USB-USBmicro-300x345.png 300w, https:\/\/ropam.com.pl\/wsparcie\/wp-content\/uploads\/2019\/08\/USB-USBmicro-52x60.png 52w\" sizes=\"auto, (max-width: 345px) 100vw, 345px\" \/><\/p>\n<h3><span style=\"font-family: 'arial black', sans-serif; color: #07acf2;\"><strong>W\u0142a\u015bciwo\u015bci<\/strong><\/span><\/h3>\n<p style=\"text-align: left;\">\u00bb Kompatybilno\u015b\u0107: Centrale z serii Neo-IP-64 i Neo-IP, BasicLTE, Basic4G, MultiLTE-RF, TPR-4<br \/>\n\u00bb Z\u0142\u0105cza: USB A wtyk, USB B micro wtyk<br \/>\n\u00bb D\u0142ugo\u015b\u0107 3m<\/p>\n<h3 style=\"text-align: center;\"><span style=\"font-size: 24pt; color: #ff0000;\"><strong style=\"font-family: 'arial black', sans-serif;\">W PE\u0141NI POLSKI PRODUKT<\/strong><\/span><\/h3>\n<p style=\"text-align: center;\"><span style=\"font-size: 14pt;\">Ca\u0142y etap produkcji, od pomys\u0142u po wykonanie ko\u0144cowe oparte s\u0105 o autorskie rozwi\u0105zania oraz dog\u0142\u0119bn\u0105 analiz\u0119 potrzeb i trend\u00f3w na\u00a0 rynku.<\/span><\/p>\n<p style=\"text-align: center;\"><img loading=\"lazy\" decoding=\"async\" class=\"wp-image-9726 alignnone\" src=\"https:\/\/ropam.com.pl\/wsparcie\/wp-content\/uploads\/2018\/04\/Obraz1.png\" alt=\"\" width=\"354\" height=\"325\" srcset=\"https:\/\/ropam.com.pl\/wsparcie\/wp-content\/uploads\/2018\/04\/Obraz1.png 292w, https:\/\/ropam.com.pl\/wsparcie\/wp-content\/uploads\/2018\/04\/Obraz1-60x55.png 60w\" sizes=\"auto, (max-width: 354px) 100vw, 354px\" \/><\/p>\n","protected":false},"excerpt":{"rendered":"<p><span style=\"font-size: 14pt;\">Kabel USB do programowania<\/span><\/p>\n","protected":false},"featured_media":11598,"comment_status":"open","ping_status":"closed","template":"","meta":{"_acf_changed":false,"rank_math_lock_modified_date":false,"inline_featured_image":false},"product_cat":[477],"product_tag":[],"class_list":{"0":"post-8966","1":"product","2":"type-product","3":"status-publish","4":"has-post-thumbnail","6":"product_cat-kable-do-programowania","8":"first","9":"instock","10":"taxable","11":"shipping-taxable","12":"purchasable","13":"product-type-simple"},"acf":[],"_links":{"self":[{"href":"https:\/\/ropam.com.pl\/wsparcie\/wp-json\/wp\/v2\/product\/8966","targetHints":{"allow":["GET"]}}],"collection":[{"href":"https:\/\/ropam.com.pl\/wsparcie\/wp-json\/wp\/v2\/product"}],"about":[{"href":"https:\/\/ropam.com.pl\/wsparcie\/wp-json\/wp\/v2\/types\/product"}],"replies":[{"embeddable":true,"href":"https:\/\/ropam.com.pl\/wsparcie\/wp-json\/wp\/v2\/comments?post=8966"}],"wp:featuredmedia":[{"embeddable":true,"href":"https:\/\/ropam.com.pl\/wsparcie\/wp-json\/wp\/v2\/media\/11598"}],"wp:attachment":[{"href":"https:\/\/ropam.com.pl\/wsparcie\/wp-json\/wp\/v2\/media?parent=8966"}],"wp:term":[{"taxonomy":"product_cat","embeddable":true,"href":"https:\/\/ropam.com.pl\/wsparcie\/wp-json\/wp\/v2\/product_cat?post=8966"},{"taxonomy":"product_tag","embeddable":true,"href":"https:\/\/ropam.com.pl\/wsparcie\/wp-json\/wp\/v2\/product_tag?post=8966"}],"curies":[{"name":"wp","href":"https:\/\/api.w.org\/{rel}","templated":true}]}}