{"id":8948,"date":"2019-03-04T15:52:01","date_gmt":"2019-03-04T14:52:01","guid":{"rendered":"https:\/\/ropam.com.pl\/wsparcie\/produkt\/mgd-aero-bezprzewodowa-czujka-magnetyczna\/"},"modified":"2024-12-27T13:55:53","modified_gmt":"2024-12-27T12:55:53","slug":"mgd-aero-bezprzewodowa-czujka-magnetyczna","status":"publish","type":"product","link":"https:\/\/ropam.com.pl\/wsparcie\/mgd-aero-bezprzewodowa-czujka-magnetyczna\/","title":{"rendered":"MGD-Aero"},"content":{"rendered":"<p><strong>Bezprzewodowa czujka magnetyczna Aero.<\/strong> * kompatybilno\u015b\u0107: <strong>APm-Aero<\/strong>, system <strong>NeoGSM-IP(-64)<\/strong>, <strong>OptimaGSM<\/strong>, <strong>* w\u0142a\u015bciwo\u015bci czujki:<\/strong> &#8211; zgodno\u015b\u0107 z norm\u0105 PN-EN 50131-2-2 stopie\u0144 2, &#8211; wykrywanie otwarcia drzwi, okien, &#8211; wej\u015bcie dla przewodowej czujki magnetycznej NC, &#8211; styk sabota\u017cowy: otwarcie i oderwanie obudowy, <strong>* w\u0142a\u015bciwo\u015bci komunikacji Aero:<\/strong> &#8211; automatyczna sterowanie moc\u0105 nadawania, do +10dBm, w zale\u017cno\u015bci od si\u0142y (RSSI) i jako\u015bci transmisji (LQI) dla maksymalnej \u017cywotno\u015bci baterii, &#8211; dwukierunkowa, szyfrowana (AES 128-bit) komunikacja w pa\u015bmie ISM 868 MHz, &#8211; wysoka czu\u0142o\u015b\u0107 RF do -110 dBm, &#8211; zasi\u0119g powy\u017cej 300m w terenie otwartym, <strong>* w\u0142a\u015bciwo\u015bci og\u00f3lne:<\/strong> &#8211; obudowa natynkowa ABS bia\u0142a &#8211; wymiary: 32x81x28 (czujka) 13x75x18 (magnes) WxHxD [mm], &#8211; sygnalizacja optyczna: alarm, brak \u0142\u0105czno\u015bci, niskie napi\u0119cie baterii, &#8211; temperatura pracy: -10\u00b0C do +55\u00b0C, &#8211; zasilanie: bateria ER14250, \u017cywotno\u015b\u0107 do 3 lat, <strong>Programowanie:<\/strong> &#8211; z poziomu centrali alarmowej ZESTAW: czujka, bateria ER14250, magnes<\/p>","protected":false},"excerpt":{"rendered":"<p>Bezprzewodowa czujka magnetyczna Aero. * kompatybilno\u015b\u0107: APm-Aero, system NeoGSM-IP(-64), OptimaGSM, * w\u0142a\u015bciwo\u015bci czujki: &#8211; zgodno\u015b\u0107 z norm\u0105 PN-EN 50131-2-2 stopie\u0144 2, &#8211; wykrywanie otwarcia drzwi, okien, &#8211; wej\u015bcie dla przewodowej czujki magnetycznej NC, &#8211; styk sabota\u017cowy: otwarcie i oderwanie obudowy, * w\u0142a\u015bciwo\u015bci komunikacji Aero: &#8211; automatyczna sterowanie moc\u0105 nadawania, do +10dBm, w zale\u017cno\u015bci od si\u0142y [&hellip;]<\/p>\n","protected":false},"featured_media":7907,"comment_status":"open","ping_status":"closed","template":"","meta":{"_acf_changed":false,"rank_math_lock_modified_date":false,"inline_featured_image":false},"product_cat":[516],"product_tag":[],"class_list":{"0":"post-8948","1":"product","2":"type-product","3":"status-publish","4":"has-post-thumbnail","6":"product_cat-czujki-aero","8":"first","9":"outofstock","10":"taxable","11":"shipping-taxable","12":"product-type-simple"},"acf":[],"_links":{"self":[{"href":"https:\/\/ropam.com.pl\/wsparcie\/wp-json\/wp\/v2\/product\/8948","targetHints":{"allow":["GET"]}}],"collection":[{"href":"https:\/\/ropam.com.pl\/wsparcie\/wp-json\/wp\/v2\/product"}],"about":[{"href":"https:\/\/ropam.com.pl\/wsparcie\/wp-json\/wp\/v2\/types\/product"}],"replies":[{"embeddable":true,"href":"https:\/\/ropam.com.pl\/wsparcie\/wp-json\/wp\/v2\/comments?post=8948"}],"wp:featuredmedia":[{"embeddable":true,"href":"https:\/\/ropam.com.pl\/wsparcie\/wp-json\/wp\/v2\/media\/7907"}],"wp:attachment":[{"href":"https:\/\/ropam.com.pl\/wsparcie\/wp-json\/wp\/v2\/media?parent=8948"}],"wp:term":[{"taxonomy":"product_cat","embeddable":true,"href":"https:\/\/ropam.com.pl\/wsparcie\/wp-json\/wp\/v2\/product_cat?post=8948"},{"taxonomy":"product_tag","embeddable":true,"href":"https:\/\/ropam.com.pl\/wsparcie\/wp-json\/wp\/v2\/product_tag?post=8948"}],"curies":[{"name":"wp","href":"https:\/\/api.w.org\/{rel}","templated":true}]}}