{"id":8936,"date":"2018-09-11T13:05:13","date_gmt":"2018-09-11T11:05:13","guid":{"rendered":"https:\/\/ropam.com.pl\/wsparcie\/produkt\/explan\/"},"modified":"2026-01-30T08:20:28","modified_gmt":"2026-01-30T07:20:28","slug":"explan","status":"publish","type":"product","link":"https:\/\/ropam.com.pl\/wsparcie\/explan\/","title":{"rendered":"EXP-LAN"},"content":{"rendered":"<h3 style=\"text-align: center;\"><span style=\"font-size: 36pt;\">EXP-LAN<\/span><\/h3>\n<p style=\"text-align: center;\"><span style=\"color: #000000;\"><span style=\"font-size: 14pt;\"><span style=\"font-size: 12pt;\">Ekspander umo\u017cliwiaj\u0105cy po\u0142\u0105czenie centrali z sieci\u0105 przewodow\u0105 LAN.<\/span><\/span><\/span><\/p>\n<p style=\"text-align: center;\"><img loading=\"lazy\" decoding=\"async\" class=\"size-medium wp-image-9773 aligncenter\" src=\"https:\/\/ropam.com.pl\/wsparcie\/wp-content\/uploads\/2018\/09\/exp_lan_4-300x224.jpg\" alt=\"\" width=\"300\" height=\"224\" srcset=\"https:\/\/ropam.com.pl\/wsparcie\/wp-content\/uploads\/2018\/09\/exp_lan_4-300x224.jpg 300w, https:\/\/ropam.com.pl\/wsparcie\/wp-content\/uploads\/2018\/09\/exp_lan_4-1024x766.jpg 1024w, https:\/\/ropam.com.pl\/wsparcie\/wp-content\/uploads\/2018\/09\/exp_lan_4-768x574.jpg 768w, https:\/\/ropam.com.pl\/wsparcie\/wp-content\/uploads\/2018\/09\/exp_lan_4-1536x1148.jpg 1536w, https:\/\/ropam.com.pl\/wsparcie\/wp-content\/uploads\/2018\/09\/exp_lan_4-2048x1531.jpg 2048w, https:\/\/ropam.com.pl\/wsparcie\/wp-content\/uploads\/2018\/09\/exp_lan_4-600x449.jpg 600w, https:\/\/ropam.com.pl\/wsparcie\/wp-content\/uploads\/2018\/09\/exp_lan_4-60x45.jpg 60w\" sizes=\"auto, (max-width: 300px) 100vw, 300px\" \/><\/p>\n<p>&nbsp;<\/p>\n<p><span style=\"font-size: 14pt;\"><strong style=\"color: #07acf2; font-family: 'arial black', sans-serif;\">W\u0142a\u015bciwo\u015bci<br \/>\n<\/strong><\/span><\/p>\n<p><span style=\"color: #000000;\"><span style=\"font-size: 14pt;\">\u00bb <\/span><\/span><span style=\"color: #000000; font-size: 12pt;\">Kompatybilno\u015b\u0107: seria central <a href=\"https:\/\/ropam.com.pl\/wsparcie\/kategoria-produktu\/centrale-alarmowe\/seria-neo-ip-64\/\">Neo-IP-64<\/a>, <a href=\"https:\/\/ropam.com.pl\/wsparcie\/kategoria-produktu\/centrale-alarmowe\/seria-neo-ip\/\">Neo-IP<\/a><\/span><br \/>\n<span style=\"color: #000000;\"><span style=\"font-size: 14pt;\">\u00bb <\/span><\/span><span style=\"color: #000000;\">P<\/span>ort Ethernet: 10\/100 BaseT, RJ45<br \/>\n<span style=\"color: #000000;\"><span style=\"font-size: 14pt;\">\u00bb<\/span> <\/span>PCB modu\u0142 lokalny, montowany na p\u0142ycie<br \/>\n<span style=\"color: #000000;\"><span style=\"font-size: 14pt;\">\u00bb<\/span> <\/span><span style=\"color: #000000;\">Z<\/span>ainstalowanie EXP-LAN wy\u0142\u0105cza WIFI na centrali<\/p>\n<p style=\"text-align: center;\"><span style=\"font-size: 24pt; color: #ff0000;\"><strong style=\"font-family: 'arial black', sans-serif;\">W PE\u0141NI POLSKI PRODUKT<\/strong><\/span><\/p>\n<p style=\"text-align: center;\"><span style=\"font-size: 14pt; font-family: georgia, palatino, serif;\">Ca\u0142y etap produkcji, od pomys\u0142u po wykonanie ko\u0144cowe oparte s\u0105 o autorskie rozwi\u0105zania oraz dog\u0142\u0119bna analiz\u0119 potrzeb i trend\u00f3w na rynku.<\/span><\/p>\n<p>&nbsp;<\/p>\n<p style=\"text-align: center;\"><img loading=\"lazy\" decoding=\"async\" class=\"wp-image-9726 aligncenter\" src=\"https:\/\/ropam.com.pl\/wsparcie\/wp-content\/uploads\/2018\/04\/Obraz1.png\" alt=\"\" width=\"276\" height=\"253\" srcset=\"https:\/\/ropam.com.pl\/wsparcie\/wp-content\/uploads\/2018\/04\/Obraz1.png 292w, https:\/\/ropam.com.pl\/wsparcie\/wp-content\/uploads\/2018\/04\/Obraz1-60x55.png 60w\" sizes=\"auto, (max-width: 276px) 100vw, 276px\" \/><\/p>\n","protected":false},"excerpt":{"rendered":"<p><span style=\"font-size: 14pt;\">Modu\u0142 Ethernet dla central z serii Neo-IP i Neo-IP-64<\/span><\/p>\n","protected":false},"featured_media":9345,"comment_status":"open","ping_status":"closed","template":"","meta":{"_acf_changed":false,"rank_math_lock_modified_date":false,"inline_featured_image":false},"product_cat":[528],"product_tag":[],"class_list":{"0":"post-8936","1":"product","2":"type-product","3":"status-publish","4":"has-post-thumbnail","6":"product_cat-moduly-lan-lte","8":"first","9":"instock","10":"taxable","11":"shipping-taxable","12":"purchasable","13":"product-type-simple"},"acf":[],"_links":{"self":[{"href":"https:\/\/ropam.com.pl\/wsparcie\/wp-json\/wp\/v2\/product\/8936","targetHints":{"allow":["GET"]}}],"collection":[{"href":"https:\/\/ropam.com.pl\/wsparcie\/wp-json\/wp\/v2\/product"}],"about":[{"href":"https:\/\/ropam.com.pl\/wsparcie\/wp-json\/wp\/v2\/types\/product"}],"replies":[{"embeddable":true,"href":"https:\/\/ropam.com.pl\/wsparcie\/wp-json\/wp\/v2\/comments?post=8936"}],"wp:featuredmedia":[{"embeddable":true,"href":"https:\/\/ropam.com.pl\/wsparcie\/wp-json\/wp\/v2\/media\/9345"}],"wp:attachment":[{"href":"https:\/\/ropam.com.pl\/wsparcie\/wp-json\/wp\/v2\/media?parent=8936"}],"wp:term":[{"taxonomy":"product_cat","embeddable":true,"href":"https:\/\/ropam.com.pl\/wsparcie\/wp-json\/wp\/v2\/product_cat?post=8936"},{"taxonomy":"product_tag","embeddable":true,"href":"https:\/\/ropam.com.pl\/wsparcie\/wp-json\/wp\/v2\/product_tag?post=8936"}],"curies":[{"name":"wp","href":"https:\/\/api.w.org\/{rel}","templated":true}]}}