{"id":8888,"date":"2018-04-15T15:32:16","date_gmt":"2018-04-15T13:32:16","guid":{"rendered":"https:\/\/ropam.com.pl\/wsparcie\/produkt\/psr-eco-2012\/"},"modified":"2025-12-19T14:23:18","modified_gmt":"2025-12-19T13:23:18","slug":"psr-eco-2012","status":"publish","type":"product","link":"https:\/\/ropam.com.pl\/wsparcie\/psr-eco-2012\/","title":{"rendered":"PSR-ECO-2012"},"content":{"rendered":"<h3 style=\"text-align: center;\"><span style=\"font-size: 36pt;\">PSR-ECO-2012<\/span><\/h3>\n<p style=\"text-align: center;\"><span style=\"font-size: 14pt;\">Zasilacze AC\/DC z serii PSR-ECO, cechuje wysoka funkcjonalno\u015b\u0107 i uniwersalno\u015b\u0107 zastosowania w instalacjach niskopr\u0105dowych. Zasilacze dedykowane s\u0105 do wsp\u00f3\u0142pracy z centralami alarmowymi z rodziny Neo-IP-64, Neo-IP, modu\u0142ami komunikacyjnymi BasicLTE, Basuc4G, MultiLTE-RF <\/span><span style=\"font-size: 14pt;\">oraz do dowolnych urz\u0105dze\u0144 12V DC.<\/span><\/p>\n<p>&nbsp;<\/p>\n<p style=\"text-align: center;\"><img loading=\"lazy\" decoding=\"async\" class=\"wp-image-9809 aligncenter\" src=\"https:\/\/ropam.com.pl\/wsparcie\/wp-content\/uploads\/2018\/04\/DSC07057-copy.png\" alt=\"\" width=\"234\" height=\"332\" srcset=\"https:\/\/ropam.com.pl\/wsparcie\/wp-content\/uploads\/2018\/04\/DSC07057-copy.png 925w, https:\/\/ropam.com.pl\/wsparcie\/wp-content\/uploads\/2018\/04\/DSC07057-copy-211x300.png 211w, https:\/\/ropam.com.pl\/wsparcie\/wp-content\/uploads\/2018\/04\/DSC07057-copy-721x1024.png 721w, https:\/\/ropam.com.pl\/wsparcie\/wp-content\/uploads\/2018\/04\/DSC07057-copy-768x1090.png 768w, https:\/\/ropam.com.pl\/wsparcie\/wp-content\/uploads\/2018\/04\/DSC07057-copy-300x426.png 300w, https:\/\/ropam.com.pl\/wsparcie\/wp-content\/uploads\/2018\/04\/DSC07057-copy-600x852.png 600w, https:\/\/ropam.com.pl\/wsparcie\/wp-content\/uploads\/2018\/04\/DSC07057-copy-42x60.png 42w\" sizes=\"auto, (max-width: 234px) 100vw, 234px\" \/><\/p>\n<p><span style=\"font-size: 14pt;\"><strong style=\"color: #07acf2; font-family: 'arial black', sans-serif;\">W\u0142a\u015bciwo\u015bci\u00a0<\/strong><\/span><\/p>\n<p><span style=\"color: #000000;\"><span style=\"font-size: 14pt;\">\u00bb K<\/span><\/span>ompatybilno\u015b\u0107: seria central <strong>Neo-IP-64 i Neo-IP<\/strong>, modu\u0142y komunikacyjne<strong> BasicLTE, Basic4G, MultiLTE-RF<\/strong><br \/>\n<span style=\"color: #000000;\"><span style=\"font-size: 14pt;\">\u00bb M<\/span><\/span>oc wyj\u015bciowa\/wydajno\u015b\u0107 pr\u0105dowa <strong>20W\/1,5A<\/strong><br \/>\n<span style=\"color: #000000;\"><span style=\"font-size: 14pt;\">\u00bb W<\/span><\/span>yj\u015bcie zasilania na z\u0142\u0105czach \u015brubowych oraz systemowej wi\u0105zce kablowej<br \/>\n<span style=\"color: #000000;\"><span style=\"font-size: 14pt;\">\u00bb W<\/span><\/span>i\u0105zka kablowa do pod\u0142\u0105czenia akumulator\u00f3w i podtrzymania pracy systemu<br \/>\n<span style=\"color: #000000;\"><span style=\"font-size: 14pt;\">\u00bb W<\/span><\/span>budowany czujnik temperatury<br \/>\n<span style=\"color: #000000;\"><span style=\"font-size: 14pt;\">\u00bb O<\/span><\/span>budowa na szyn\u0119 TH35 szeroko\u015b\u0107 2 modu\u0142\u00f3w<br \/>\n<span style=\"color: #000000;\"><span style=\"font-size: 14pt;\">\u00bb W<\/span><\/span>ymiary 37x90x58 mm<\/p>\n<h3><span style=\"font-size: 14pt;\"><strong style=\"color: #07acf2; font-family: 'arial black', sans-serif;\">G\u0142\u00f3wne funkcje zasilacza\u00a0<\/strong><\/span><\/h3>\n<p><span style=\"color: #000000;\"><span style=\"font-size: 14pt;\">\u00bb <\/span><\/span>Auto-kompensacja napi\u0119cia \u0142adowania akumulatora w zale\u017cno\u015bci od temperatury<br \/>\n<span style=\"color: #000000;\"><span style=\"font-size: 14pt;\">\u00bb <\/span><\/span>\u0141adowanie akumulatora dwufazowe: sta\u0142o-pr\u0105dowe i sta\u0142o-napi\u0119ciowe<br \/>\n<span style=\"color: #000000;\"><span style=\"font-size: 14pt;\">\u00bb <\/span><\/span>Elektroniczne zabezpieczenie wyj\u015bcia z automatycznym powrotem: przeci\u0105\u017ceniowe OCP, przeciwzwarciowe SCP, temperaturowe OHP, nadnapi\u0119ciowe OVP, podnapi\u0119ciowe UVP<br \/>\n<span style=\"color: #000000;\"><span style=\"font-size: 14pt;\">\u00bb <\/span><\/span>Dynamiczny test i diagnostyka akumulatora<\/p>\n<h3 style=\"text-align: center;\"><span style=\"font-size: 24pt; color: #ff0000;\"><strong style=\"font-family: 'arial black', sans-serif;\">W PE\u0141NI POLSKI PRODUKT<\/strong><\/span><\/h3>\n<p style=\"text-align: center;\"><span style=\"font-size: 14pt;\">Ca\u0142y etap produkcji, od pomys\u0142u po wykonanie ko\u0144cowe oparte s\u0105 o autorskie rozwi\u0105zania oraz dog\u0142\u0119bn\u0105 analiz\u0119 potrzeb i trend\u00f3w na\u00a0 rynku.<\/span><\/p>\n<p style=\"text-align: center;\"><img loading=\"lazy\" decoding=\"async\" class=\"wp-image-9726 alignnone\" src=\"https:\/\/ropam.com.pl\/wsparcie\/wp-content\/uploads\/2018\/04\/Obraz1.png\" alt=\"\" width=\"354\" height=\"325\" srcset=\"https:\/\/ropam.com.pl\/wsparcie\/wp-content\/uploads\/2018\/04\/Obraz1.png 292w, https:\/\/ropam.com.pl\/wsparcie\/wp-content\/uploads\/2018\/04\/Obraz1-60x55.png 60w\" sizes=\"auto, (max-width: 354px) 100vw, 354px\" \/><\/p>\n","protected":false},"excerpt":{"rendered":"<p><span style=\"font-size: 14pt;\">Zasilacz buforowy AC\/DC<\/span><\/p>\n","protected":false},"featured_media":9544,"comment_status":"open","ping_status":"closed","template":"","meta":{"_acf_changed":false,"rank_math_lock_modified_date":false,"inline_featured_image":false},"product_cat":[579],"product_tag":[],"class_list":{"0":"post-8888","1":"product","2":"type-product","3":"status-publish","4":"has-post-thumbnail","6":"product_cat-psr-eco","8":"first","9":"instock","10":"taxable","11":"shipping-taxable","12":"purchasable","13":"product-type-simple"},"acf":[],"_links":{"self":[{"href":"https:\/\/ropam.com.pl\/wsparcie\/wp-json\/wp\/v2\/product\/8888","targetHints":{"allow":["GET"]}}],"collection":[{"href":"https:\/\/ropam.com.pl\/wsparcie\/wp-json\/wp\/v2\/product"}],"about":[{"href":"https:\/\/ropam.com.pl\/wsparcie\/wp-json\/wp\/v2\/types\/product"}],"replies":[{"embeddable":true,"href":"https:\/\/ropam.com.pl\/wsparcie\/wp-json\/wp\/v2\/comments?post=8888"}],"wp:featuredmedia":[{"embeddable":true,"href":"https:\/\/ropam.com.pl\/wsparcie\/wp-json\/wp\/v2\/media\/9544"}],"wp:attachment":[{"href":"https:\/\/ropam.com.pl\/wsparcie\/wp-json\/wp\/v2\/media?parent=8888"}],"wp:term":[{"taxonomy":"product_cat","embeddable":true,"href":"https:\/\/ropam.com.pl\/wsparcie\/wp-json\/wp\/v2\/product_cat?post=8888"},{"taxonomy":"product_tag","embeddable":true,"href":"https:\/\/ropam.com.pl\/wsparcie\/wp-json\/wp\/v2\/product_tag?post=8888"}],"curies":[{"name":"wp","href":"https:\/\/api.w.org\/{rel}","templated":true}]}}