{"id":8866,"date":"2018-04-15T15:32:15","date_gmt":"2018-04-15T13:32:15","guid":{"rendered":"https:\/\/ropam.com.pl\/wsparcie\/produkt\/ropamdroid-3-2\/"},"modified":"2025-08-18T14:57:39","modified_gmt":"2025-08-18T12:57:39","slug":"ropamdroid-3-2","status":"publish","type":"product","link":"https:\/\/ropam.com.pl\/wsparcie\/ropamdroid-3-2\/","title":{"rendered":"RopamDroid"},"content":{"rendered":"<div>\n<p>Ako odpove\u010f na po\u017eiadavky trhu firma RopamElektronikvytvorila aplik\u00e1ciuRopamDroidna obsluhu zabezpe\u010dovac\u00edch \u00fastredn\u00ed a termin\u00e1lov GSM. Aplik\u00e1cia RopamDroidje ur\u010den\u00e1pre smartf\u00f3ny s\u00a0opera\u010dn\u00fdm syst\u00e9mom Android. V\u010faka nej je ovl\u00e1danie cez telef\u00f3n (SMS spr\u00e1vy) jednoduch\u00e9, r\u00fdchle a intuit\u00edvne.<strong><span style=\"font-size: 14px;\"><span style=\"color: #0000ff;\">Bezplatn\u00fa aplik\u00e1ciu RopamDroidje mo\u017en\u00e9 stiahnu\u0165 z Google Play<\/span><\/span><\/strong><\/p>\n<p><strong><span style=\"font-size: 14px;\"><span style=\"color: #ff0000;\"> (kliknite na link).<\/span><\/span><\/strong><a href=\"https:\/\/play.google.com\/store\/apps\/details?id=com.ropam.ropam_droid_pro&amp;hl=pl\" target=\"_blank\" rel=\"noopener\"><strong><span style=\"font-size: 14px;\"><span style=\"color: #0000ff;\">Platen\u00fa aplik\u00e1ciu RopamDroid je mo\u017en\u00e9 stiahnu\u0165 z Google Play<\/span><\/span><\/strong><\/a> <strong><span style=\"font-size: 14px;\"><span style=\"color: #ff0000;\">(kliknite na link).<\/span><\/span><\/strong><\/p>\n<p><strong>Verzia PRO<\/strong><br \/>\n&#8211; verzia pre viac objektov,<br \/>\n&#8211; jednoduch\u00e1 obsluha viacer\u00fdch objektov z\u00a0jednej aplik\u00e1cie,<\/p>\n<p><strong>v1.8<\/strong><br \/>\n&#8211; pridan\u00e1 obsluha syst\u00e9muOptimaGSM,<br \/>\n&#8211; mo\u017enos\u0165 zobrazovania\/ukrytia vstupov\/v\u00fdstupov<br \/>\n&#8211; nastavenie &#8216;bez potvrdzovania zaslania SMS&#8217; pre ovl\u00e1danie v\u00fdstupov,<\/p>\n<p><strong>v1.75<\/strong><br \/>\n&#8211; pridan\u00fd import\/export nastaven\u00ed do s\u00faboru \/e-mail (bez z\u00e1pisu k\u00f3dov),<br \/>\n&#8211; pridan\u00e9 funk\u010dn\u00e9 tla\u010didlo u\u017e\u00edvate\u013ea, definovate\u013en\u00fd pr\u00edkaz SMS,<br \/>\n&#8211; pridan\u00e9 nastavenie \u010dasu syst\u00e9mu (\u010das a\u00a0d\u00e1tum preberan\u00fd zo syst\u00e9mu Android),<\/p>\n<p><strong>v1.6<\/strong><br \/>\n&#8211; obsluha syst\u00e9muNeoGSM,<br \/>\n&#8211; aplik\u00e1cia zhodn\u00e1s Google Android vo verzii od 2.1 do 4.3 (a 4.4 &#8220;KitKat&#8221; status BETA)<br \/>\n&#8211; ovl\u00e1danie dodato\u010dn\u00fdch v\u00fdstupovTPR-xx (rel\u00e9) a modulu RF4 alebo PSR RF<br \/>\n&#8211; k\u00f3dy USSD (tla\u010didlo s\u00a0preddefinovan\u00fdm k\u00f3dom USSD),<br \/>\n&#8211; tla\u010didlo nastavenia (pre nov\u00e9 verzie Android),<br \/>\n&#8211; s\u0165ahovanie hardv\u00e9rovej konfigur\u00e1cie,<br \/>\n&#8211; opraven\u00e9 ovl\u00e1danie v\u00fdstupov pomocou SMS,<br \/>\n&#8211; opraven\u00e9 spr\u00e1vne zobrazovanie m\u00ednusovej teploty (vy\u017eadovan\u00e1 aktualiz\u00e1cia firmv\u00e9ru v zariadeniach),<br \/>\n&#8211; zmena form\u00e1tu po\u013ea preheslo SMS (blokovanie nov\u00e9ho riadku).<\/p>\n<p>Z\u00e1kladn\u00e9 vlastnosti aplik\u00e1cie:<br \/>\n1. Aplik\u00e1cia zhodn\u00e1 s Google Android vo verzii od 2.1 do 4.4<br \/>\n(Pozor: telef\u00f3ny Samsung Galaxyvy\u017eaduj\u00fa verziu:\u00a0 NeoGSM, NEO od v2.1,\u00a0 BasicGSM od v1.6, MultiGSM od v1.7.<br \/>\n2. Aplik\u00e1cia ur\u010den\u00e1 pre smartf\u00f3ny s displejmi3&#8242; a 4&#8242;.<br \/>\n3. Kompatibilita so zariadeniami: OptimaGSM, NeoGSM,\u00a0 NEO (od v2.0), BasicGSM (od v1.4), MultiGSM (od v1.5),<br \/>\n4. Funkcie aplik\u00e1cie:<br \/>\n&#8211; ovl\u00e1danie str\u00e1\u017eenia syst\u00e9mu: OptimaGSM, NeoGSM, NEO,<br \/>\n&#8211; zobrazenie stavu syst\u00e9mu a por\u00fach,<br \/>\n&#8211; preh\u013ead a\u00a0blokovanie vstupov,<br \/>\n&#8211; skupinov\u00e9 ovl\u00e1danie v\u00fdstupov,<br \/>\n&#8211; preh\u013ead tepl\u00f4t a\u00a0zmena prahov pre funkcieTermostatGSM,<br \/>\n&#8211; preh\u013ead hodnoty anal\u00f3gov\u00e9ho vstupu AI a\u00a0zmena zadan\u00fdch prahov,<br \/>\n&#8211; preh\u013eadn\u00e9 grafick\u00e9 u\u017e\u00edvate\u013esk\u00e9 rozhranie a\u00a0zobrazenie stavu rovnako ako na dotykov\u00fdch kl\u00e1vesniciach,<br \/>\n&#8211; aplik\u00e1cia a\u00a0slu\u017eba filtrovania spr\u00e1v z telef\u00f3nneho \u010d\u00edsla syst\u00e9mu,<br \/>\n&#8211; obojsmern\u00e1 komunik\u00e1cia pomocou syst\u00e9mov\u00fdch spr\u00e1v SMS,<br \/>\n&#8211; jednorazov\u00e1 konfigur\u00e1cia aplik\u00e1cie,<br \/>\n&#8211; zabezpe\u010denie (autoriz\u00e1cia) aplik\u00e1cia heslom pr\u00edstupu,<br \/>\n&#8211; obmedzenie n\u00e1kladov za ovl\u00e1danie pomocou SMS spr\u00e1v v\u010faka sumarizovan\u00ed inform\u00e1ci\u00ed v\u00a0jednotliv\u00fdch spr\u00e1vach.<\/p>\n<p><strong>Pozor:<br \/>\nTelef\u00f3ny Samsung Galaxyvzh\u013eadom na nezhodu funkcie SMS z API Android vy\u017eaduj\u00fa verziu:<br \/>\n&#8211; NEO od v2.1,<br \/>\n&#8211; BasicGSM od v1.6,<br \/>\n&#8211; MultiGSM od v1.7.<br \/>\nFirmv\u00e9r je dostupn\u00fd na str\u00e1nkewww (zip) alebo na vy\u017eiadanie cez e-mail.<\/strong><\/p>\n<h1><span style=\"font-size: 11px;\"><strong><a href=\"https:\/\/play.google.com\/store\/apps\/details?id=com.ropam.ropam_droid&amp;hl=pl\" target=\"_blank\" rel=\"noopener\"><span style=\"color: #0000ff;\">Bezplatn\u00fa aplik\u00e1ciu RopamDroid je mo\u017en\u00e9 stiahnu\u0165 z Google Play <span style=\"display: none;\">\u00a0\u00a0<\/span><\/span><\/a><span style=\"color: #ff0000;\">(kliknite na link).<\/span><\/strong><\/span><\/h1>\n<p><strong><span style=\"color: #ff0000;\"><span style=\"font-size: 11px;\"><a href=\"https:\/\/play.google.com\/store\/apps\/details?id=com.ropam.ropam_droid_pro&amp;hl=pl\" target=\"_blank\" rel=\"noopener\"><strong><span style=\"color: #0000ff;\">Platen\u00fa aplik\u00e1ciu RopamDroid je mo\u017en\u00e9 stiahnu\u0165 z Google Play<\/span><\/strong><\/a> <strong><span style=\"color: #ff0000;\">(kliknite na link).<\/span><\/strong><\/span><\/span><\/strong><span style=\"font-size: 11px;\"><strong><span style=\"display: none;\">\u00a0<\/span><span id=\"cke_bm_143E\" style=\"display: none;\"> <\/span><\/strong><\/span><\/p>\n<p>&nbsp;<\/p>\n<p><strong><a href=\"https:\/\/support.google.com\/googleplay\/answer\/113409?hl=pl\" target=\"_blank\" rel=\"noopener\">In\u0161tal\u00e1cia alebo n\u00e1kup aplik\u00e1cie z Google Play<\/a><\/strong> <strong><span style=\"color: #ff0000;\">(kliknite na link).<\/span><\/strong><\/p>\n<\/div>\n","protected":false},"excerpt":{"rendered":"<p>Ako odpove\u010f na po\u017eiadavky trhu firma RopamElektronikvytvorila aplik\u00e1ciuRopamDroidna obsluhu zabezpe\u010dovac\u00edch \u00fastredn\u00ed a termin\u00e1lov GSM. Aplik\u00e1cia RopamDroidje ur\u010den\u00e1pre smartf\u00f3ny s\u00a0opera\u010dn\u00fdm syst\u00e9mom Android. V\u010faka nej je ovl\u00e1danie cez telef\u00f3n (SMS spr\u00e1vy) jednoduch\u00e9, r\u00fdchle a intuit\u00edvne.Bezplatn\u00fa aplik\u00e1ciu RopamDroidje mo\u017en\u00e9 stiahnu\u0165 z Google Play (kliknite na link).Platen\u00fa aplik\u00e1ciu RopamDroid je mo\u017en\u00e9 stiahnu\u0165 z Google Play (kliknite na link). Verzia [&hellip;]<\/p>\n","protected":false},"featured_media":7321,"comment_status":"open","ping_status":"closed","template":"","meta":{"_acf_changed":false,"rank_math_lock_modified_date":false,"inline_featured_image":false},"product_cat":[420],"product_tag":[],"class_list":{"0":"post-8866","1":"product","2":"type-product","3":"status-publish","4":"has-post-thumbnail","6":"product_cat-bez-kategorii","8":"first","9":"outofstock","10":"taxable","11":"shipping-taxable","12":"product-type-simple"},"acf":[],"_links":{"self":[{"href":"https:\/\/ropam.com.pl\/wsparcie\/wp-json\/wp\/v2\/product\/8866","targetHints":{"allow":["GET"]}}],"collection":[{"href":"https:\/\/ropam.com.pl\/wsparcie\/wp-json\/wp\/v2\/product"}],"about":[{"href":"https:\/\/ropam.com.pl\/wsparcie\/wp-json\/wp\/v2\/types\/product"}],"replies":[{"embeddable":true,"href":"https:\/\/ropam.com.pl\/wsparcie\/wp-json\/wp\/v2\/comments?post=8866"}],"wp:featuredmedia":[{"embeddable":true,"href":"https:\/\/ropam.com.pl\/wsparcie\/wp-json\/wp\/v2\/media\/7321"}],"wp:attachment":[{"href":"https:\/\/ropam.com.pl\/wsparcie\/wp-json\/wp\/v2\/media?parent=8866"}],"wp:term":[{"taxonomy":"product_cat","embeddable":true,"href":"https:\/\/ropam.com.pl\/wsparcie\/wp-json\/wp\/v2\/product_cat?post=8866"},{"taxonomy":"product_tag","embeddable":true,"href":"https:\/\/ropam.com.pl\/wsparcie\/wp-json\/wp\/v2\/product_tag?post=8866"}],"curies":[{"name":"wp","href":"https:\/\/api.w.org\/{rel}","templated":true}]}}