{"id":8851,"date":"2018-04-15T15:32:14","date_gmt":"2018-04-15T13:32:14","guid":{"rendered":"https:\/\/ropam.com.pl\/wsparcie\/produkt\/rht-aero\/"},"modified":"2024-12-27T13:55:41","modified_gmt":"2024-12-27T12:55:41","slug":"rht-aero","status":"publish","type":"product","link":"https:\/\/ropam.com.pl\/wsparcie\/rht-aero\/","title":{"rendered":"RHT-Aero"},"content":{"rendered":"<p style=\"margin-bottom: 0cm;\"><strong>Bezprzewodowy czujnik temperatury i wilgotno\u015bci Aero,<\/strong><\/p>\n<p><strong>W\u0142a\u015bciwo\u015bci :<\/strong><br \/>\n&#8211; pomiar temperatury w zakresie -20\u00b0C do +70\u00b0C (czujnik wbudowany &#8211; powietrze),<br \/>\n&#8211; pomiar -20\u00b0C do +125\u00b0C przy wykorzystaniu zewn\u0119trznego czujnika TSR1-HT<br \/>\n&#8211; pomiar wilgotno\u015bci w zakresie 0-100% Rh bez kondensacji,<br \/>\n&#8211; nieulotna pami\u0119\u0107 konfiguracji,<br \/>\n&#8211; optyczna sygnalizacja pracy,<br \/>\n&#8211; zasilanie: bateria 3.6V\/DC, lub zewn\u0119trzne 9-14VDC<br \/>\n&#8211; wsp\u00f3\u0142praca z systemami: NeoGSM-IP(-64), OptimaGSM (od 2.5),<\/p>\n<p><strong>W\u0142a\u015bciwo\u015bci komunikacji Aero:<\/strong><br \/>\n&#8211; dedykowany mikroprocesor do komunikacji Aero, zarz\u0105dzania energi\u0105 i stanami czujnika,<br \/>\n&#8211; dwukierunkowa, szyfrowana (AES 128-bit) komunikacja w pa\u015bmie ISM 868 MHz,<br \/>\n&#8211; wysoka czu\u0142o\u015b\u0107 RF do -110 dBm,<br \/>\n&#8211; zasi\u0119g powy\u017cej 200m w terenie otwartym,<br \/>\n&#8211; pe\u0142en nadz\u00f3r i przekazywanie status\u00f3w do urz\u0105dze\u0144 Aero, kontrola obecno\u015bci, jako\u015bci \u0142\u0105cza, stan baterii, obecno\u015b\u0107 zasilania podstawowego,<br \/>\n&#8211; unikalne ID-Aero ka\u017cdego modu\u0142u pozwala na prawid\u0142ow\u0105 prac\u0119 w zasi\u0119gu innego systemu Aero,<\/p>\n<p><strong>W\u0142a\u015bciwo\u015bci og\u00f3lne:<\/strong><br \/>\n&#8211; obudowa natynkowa ABS bia\u0142a &#8211; wymiary: 80x80x25 [mm],<br \/>\n&#8211; temperatura pracy: -20\u00b0C do +55\u00b0C,<br \/>\n&#8211; zasilanie: bateria ER14505M ( w zestawie), \u017cywotno\u015b\u0107 do 2 lat i\/lub zasilanie 12VDC<\/p>\n<p><strong>Programowanie:<\/strong><br \/>\n&#8211; z poziomu centrali alarmowej poprzez AP- praca systemowa,<\/p>\n<p><span id=\"result_box\" lang=\"pl\"><span class=\"hps atn\">(<\/span>Dane techniczne mog\u0105 <span class=\"hps\">ulec zmianie bez<\/span> <span class=\"hps\">uprzedniego powiadomienia<\/span>.)<\/span><\/p>\n","protected":false},"excerpt":{"rendered":"<p>Bezprzewodowy czujnik temperatury i wilgotno\u015bci Aero, W\u0142a\u015bciwo\u015bci : &#8211; pomiar temperatury w zakresie -20\u00b0C do +70\u00b0C (czujnik wbudowany &#8211; powietrze), &#8211; pomiar -20\u00b0C do +125\u00b0C przy wykorzystaniu zewn\u0119trznego czujnika TSR1-HT &#8211; pomiar wilgotno\u015bci w zakresie 0-100% Rh bez kondensacji, &#8211; nieulotna pami\u0119\u0107 konfiguracji, &#8211; optyczna sygnalizacja pracy, &#8211; zasilanie: bateria 3.6V\/DC, lub zewn\u0119trzne 9-14VDC &#8211; [&hellip;]<\/p>\n","protected":false},"featured_media":11875,"comment_status":"open","ping_status":"closed","template":"","meta":{"_acf_changed":false,"rank_math_lock_modified_date":false,"inline_featured_image":false},"product_cat":[516],"product_tag":[],"class_list":{"0":"post-8851","1":"product","2":"type-product","3":"status-publish","4":"has-post-thumbnail","6":"product_cat-czujki-aero","8":"first","9":"outofstock","10":"taxable","11":"shipping-taxable","12":"product-type-simple"},"acf":[],"_links":{"self":[{"href":"https:\/\/ropam.com.pl\/wsparcie\/wp-json\/wp\/v2\/product\/8851","targetHints":{"allow":["GET"]}}],"collection":[{"href":"https:\/\/ropam.com.pl\/wsparcie\/wp-json\/wp\/v2\/product"}],"about":[{"href":"https:\/\/ropam.com.pl\/wsparcie\/wp-json\/wp\/v2\/types\/product"}],"replies":[{"embeddable":true,"href":"https:\/\/ropam.com.pl\/wsparcie\/wp-json\/wp\/v2\/comments?post=8851"}],"wp:featuredmedia":[{"embeddable":true,"href":"https:\/\/ropam.com.pl\/wsparcie\/wp-json\/wp\/v2\/media\/11875"}],"wp:attachment":[{"href":"https:\/\/ropam.com.pl\/wsparcie\/wp-json\/wp\/v2\/media?parent=8851"}],"wp:term":[{"taxonomy":"product_cat","embeddable":true,"href":"https:\/\/ropam.com.pl\/wsparcie\/wp-json\/wp\/v2\/product_cat?post=8851"},{"taxonomy":"product_tag","embeddable":true,"href":"https:\/\/ropam.com.pl\/wsparcie\/wp-json\/wp\/v2\/product_tag?post=8851"}],"curies":[{"name":"wp","href":"https:\/\/api.w.org\/{rel}","templated":true}]}}