{"id":8818,"date":"2018-04-15T15:32:12","date_gmt":"2018-04-15T13:32:12","guid":{"rendered":"https:\/\/ropam.com.pl\/wsparcie\/produkt\/io-aero\/"},"modified":"2024-12-27T13:53:47","modified_gmt":"2024-12-27T12:53:47","slug":"io-aero","status":"publish","type":"product","link":"https:\/\/ropam.com.pl\/wsparcie\/io-aero\/","title":{"rendered":"IO-Aero"},"content":{"rendered":"<p style=\"margin-bottom: 0cm;\"><strong>Bezprzewodowy modu\u0142 wej\u015bcia\/wyj\u015bcia Aero,<\/strong><\/p>\n<p><strong>W\u0142a\u015bciwo\u015bci I\/O:<\/strong><br \/>\n&#8211; wsp\u00f3\u0142praca z dowoln\u0105 czujk\u0105 przewodow\u0105 lub bateryjn\u0105 z wyj\u015bciami NC,<br \/>\n&#8211; wej\u015bcie ALARM: I1, GND (typu NC, dzia\u0142a po uzbrojeniu, generuje alarm typu w\u0142amaniowy),<br \/>\n&#8211; wej\u015bcie TAMPER: T, GND (typu NC, dzia\u0142a jak wej\u015bcie 24h, generuje alarm sabota\u017cowy),<br \/>\n&#8211; wyj\u015bcie przeka\u017anikowe C\/NO, sterowane\/od\u015bwie\u017cane w ramach interwa\u0142u kontroli \u0142\u0105czno\u015bci (30\/60\/90s) (sta\u0142e mapowanie wyj\u015b\u0107 Ox -&gt;IO-Aero)<br \/>\n&#8211; wyj\u015bcie FAIL: wyj\u015bcie typu tranzystorowe, generuje GND dla awarii (brak po\u0142\u0105czenia <strong>Aero z Apx-Aero),<\/strong><\/p>\n<p><strong>W\u0142a\u015bciwo\u015bci komunikacji Aero:<\/strong><br \/>\n&#8211; dedykowany mikroprocesor do komunikacji Aero, zarz\u0105dzania energi\u0105 i stanami czujki,<br \/>\n&#8211; automatyczna sterowanie moc\u0105 nadawania, do +10dBm, w zale\u017cno\u015bci od si\u0142y (RSSI) i jako\u015bci transmisji (LQI) dla maksymalnej \u017cywotno\u015bci baterii,<br \/>\n&#8211; dwukierunkowa, szyfrowana (AES 128-bit) komunikacja w pa\u015bmie ISM 868 MHz,<br \/>\n&#8211; wysoka czu\u0142o\u015b\u0107 RF do -110 dBm,<br \/>\n&#8211; zasi\u0119g powy\u017cej 300m w terenie otwartym,<\/p>\n<p><strong>W\u0142a\u015bciwo\u015bci og\u00f3lne:<\/strong><br \/>\n&#8211; obudowa natynkowa ABS bia\u0142a &#8211; wymiary: 107&#215;63 WxH [mm],<br \/>\n&#8211; temperatura pracy: -10\u00b0C do +55\u00b0C,<br \/>\n&#8211; zasilanie: bateria ER14505M (w zestawie), \u017cywotno\u015b\u0107 do 2 lat i\/lub zasilanie 12VDC<br \/>\n&#8211; ochrona antysabota\u017cowa, styk NC, mikro-wy\u0142\u0105cznik<\/p>\n<p><strong>Programowanie:<\/strong><br \/>\n&#8211; z poziomu centrali alarmowej poprzez AP- praca systemowa,<\/p>\n<p><strong>Zastosowanie:<\/strong><br \/>\n\u2022\u00a0 rozbudowa centrali alarmowej o urz\u0105dzenia bezprzewodowe,<br \/>\n\u2022\u00a0 rozbudowa centrali po wykorzystaniu zasob\u00f3w przewodowych,<br \/>\n\u2022\u00a0 zdalne sterowanie automatyk\u0105 domow\u0105,<br \/>\n\u2022\u00a0 ochrona obiekt\u00f3w bez mo\u017cliow\u015bci zastosowania systemu przewodowego.<\/p>\n<p><span id=\"result_box\" lang=\"pl\"><span class=\"hps atn\">(<\/span>Dane techniczne mog\u0105 <span class=\"hps\">ulec zmianie bez<\/span> <span class=\"hps\">uprzedniego powiadomienia<\/span>.)<\/span><\/p>\n","protected":false},"excerpt":{"rendered":"<p>Bezprzewodowy modu\u0142 wej\u015bcia\/wyj\u015bcia Aero, W\u0142a\u015bciwo\u015bci I\/O: &#8211; wsp\u00f3\u0142praca z dowoln\u0105 czujk\u0105 przewodow\u0105 lub bateryjn\u0105 z wyj\u015bciami NC, &#8211; wej\u015bcie ALARM: I1, GND (typu NC, dzia\u0142a po uzbrojeniu, generuje alarm typu w\u0142amaniowy), &#8211; wej\u015bcie TAMPER: T, GND (typu NC, dzia\u0142a jak wej\u015bcie 24h, generuje alarm sabota\u017cowy), &#8211; wyj\u015bcie przeka\u017anikowe C\/NO, sterowane\/od\u015bwie\u017cane w ramach interwa\u0142u kontroli \u0142\u0105czno\u015bci [&hellip;]<\/p>\n","protected":false},"featured_media":12265,"comment_status":"open","ping_status":"closed","template":"","meta":{"_acf_changed":false,"rank_math_lock_modified_date":false,"inline_featured_image":false},"product_cat":[516],"product_tag":[],"class_list":{"0":"post-8818","1":"product","2":"type-product","3":"status-publish","4":"has-post-thumbnail","6":"product_cat-czujki-aero","8":"first","9":"outofstock","10":"taxable","11":"shipping-taxable","12":"product-type-simple"},"acf":[],"_links":{"self":[{"href":"https:\/\/ropam.com.pl\/wsparcie\/wp-json\/wp\/v2\/product\/8818","targetHints":{"allow":["GET"]}}],"collection":[{"href":"https:\/\/ropam.com.pl\/wsparcie\/wp-json\/wp\/v2\/product"}],"about":[{"href":"https:\/\/ropam.com.pl\/wsparcie\/wp-json\/wp\/v2\/types\/product"}],"replies":[{"embeddable":true,"href":"https:\/\/ropam.com.pl\/wsparcie\/wp-json\/wp\/v2\/comments?post=8818"}],"wp:featuredmedia":[{"embeddable":true,"href":"https:\/\/ropam.com.pl\/wsparcie\/wp-json\/wp\/v2\/media\/12265"}],"wp:attachment":[{"href":"https:\/\/ropam.com.pl\/wsparcie\/wp-json\/wp\/v2\/media?parent=8818"}],"wp:term":[{"taxonomy":"product_cat","embeddable":true,"href":"https:\/\/ropam.com.pl\/wsparcie\/wp-json\/wp\/v2\/product_cat?post=8818"},{"taxonomy":"product_tag","embeddable":true,"href":"https:\/\/ropam.com.pl\/wsparcie\/wp-json\/wp\/v2\/product_tag?post=8818"}],"curies":[{"name":"wp","href":"https:\/\/api.w.org\/{rel}","templated":true}]}}