{"id":8791,"date":"2018-04-15T15:32:11","date_gmt":"2018-04-15T13:32:11","guid":{"rendered":"https:\/\/ropam.com.pl\/wsparcie\/produkt\/ap-ip-4\/"},"modified":"2024-12-27T09:44:18","modified_gmt":"2024-12-27T08:44:18","slug":"ap-ip-4","status":"publish","type":"product","link":"https:\/\/ropam.com.pl\/wsparcie\/ap-ip-4\/","title":{"rendered":"AP-IP"},"content":{"rendered":"<p><strong>Modu\u0142 komunikacyjny TCP\/IP do systemu OptimaGSM<\/strong><\/p>\n<p><strong>* Nowe funkcje:<br \/>\n&#8211; wsp\u00f3\u0142praca z kamerami\u00a0 IP\u00a0 i rejestratorami DVR, przechwytywanie strumienia RTSP (4) do tworzenia zdj\u0119\u0107 dla MMS-\u00f3w (GPRS) lub za\u0142\u0105cznik\u00f3w e-mail (IP, internet),<\/strong><br \/>\n&#8211; kompatybilno\u015b\u0107: OptimaGSM, przekszta\u0142ca central\u0119 w nowoczesne rozwi\u0105zanie IoT ( t\u0142um. &#8216;Internet Rzeczy&#8217;),<br \/>\n&#8211; obs\u0142uga do o\u015bmiu u\u017cytkownik\u00f3w jednocze\u015bnie (klient\u00f3w TCP\/IP),<br \/>\n&#8211; wbudowany WebSerwer: dzia\u0142anie na dowolnym komputerze, tablecie lub smartfonie z przegl\u0105dark\u0105 www (HTML5),<br \/>\n&#8211; obs\u0142uga aplikacji na urz\u0105dzenia mobilne: Android, IOS, Windows Mobile,<br \/>\n&#8211; komunikacja przewodowa: port Ethernet: 10\/100 BaseT, RJ45.<br \/>\n&#8211; komunikacja bezprzewodowa WLAN: Wifi w standardzie 802.11 b\/g\/n, 2.4 GHz, z anten\u0105 panelow\u0105,<br \/>\n&#8211; zaawansowane tryby pracy: WLAN- AccesPoint z serwerem DHCP lu klient DHCP, tryb pracy ETH: klient DHCP,<br \/>\n&#8211; szyfrowana transmisja TCP\/IP (SSL),<br \/>\n&#8211; szyfrowana transmisja WLAN: WPA2-PSK,<br \/>\n&#8211; obs\u0142uga serwera e-mail SMTP ( z autoryzacj\u0105 SSL\/TSL),<br \/>\n&#8211; AP-IP to niezale\u017cny kana\u0142 komunikacji dla monitoringu TCP\/IP (opr\u00f3cz GPRS),<br \/>\n&#8211; mo\u017cliwo\u015b\u0107 programowania\u00a0 za pomoc\u0105 ETH lub WLAN,<br \/>\n&#8211; PCB modu\u0142 lokalny montowany na p\u0142ycie PCB centrali<strong>.<\/strong><\/p>\n<p>OptimaGSM to modu\u0142owa, hybrydowa centrala z komunikacj\u0105 GSM i IP. Centrala integruje elektroniczne systemy sygnalizacji w\u0142amania i automatyk\u0119 domow\u0105 z wykorzystaniem technologii SmartPLC tj. komunikacji po sieci energetycznej 230V\/AC. Poszerzeniem mo\u017cliwo\u015bci centrali jest rozbudowa jej o modu\u0142 komunikacji TCP\/IP: AP-IP. Zestaw centrala OptimaGSM i AP-IP to pierwszy na rynku centrala z wbudowanym WebSerwerem przeznaczony dla u\u017cytkownika do kontroli systemu. Rozwi\u0105zanie jest w pe\u0142ni przeno\u015bne tj. dzia\u0142a na ka\u017cdej przegl\u0105darce www, jest bezpieczne gdy\u017c opiera si\u0119 o bezpieczne po\u0142\u0105czenie SSL i nie wymaga instalacji \u017cadnego dodatkowego oprogramowania. Opr\u00f3cz wbudowanego WebSerwera AP-IP obs\u0142uguje aplikacje na urz\u0105dzenia mobilne dla trzech system\u00f3w operacyjnych: Android, IOS, Windows Mobile.<br \/>\nCentrala OptimaGSM i AP-IP to nowoczesne i nowatorskie rozwi\u0105zanie IoT ( IoT- Internet of Things , t\u0142um. Internet Rzeczy) czyli dost\u0119p do urz\u0105dze\u0144 domowych, sterowania automatyk\u0105 za po\u015brednictwem internetu.<\/p>\n<p><span style=\"color: #ff0000;\">Central\u0119 OptimaGSM mo\u017cna obs\u0142ugiwa\u0107 za pomoc\u0105 aplikacji\u00a0<\/span><strong><a href=\"\/towar\/559\/ropamoptima.html\"><span style=\"color: #ff0000;\">RopamOptima<\/span><\/a><\/strong><span style=\"color: #ff0000;\">\u00a0lub <strong>Webserwer<\/strong> (www).<\/span><\/p>\n<p>&nbsp;<\/p>\n<div style=\"text-align: center;\"><span style=\"color: #ff0000;\">Demo: AP-IP on-line, przez www:<\/span><\/div>\n<div style=\"text-align: center;\"><a href=\"https:\/\/ropam.net\" target=\"_blank\" rel=\"noopener noreferrer\"><span style=\"color: #000080;\"><img decoding=\"async\" style=\"width: 81px; height: 81px;\" src=\"http:\/\/ropam.com.pl\/wsparcie\/wp-content\/uploads\/2018\/04\/qr_ropam_net.png\" alt=\"\" \/><\/span><\/a><br \/>\n1. Otw\u00f3rz przegl\u0105dark\u0119 www i wpisz adres: <a href=\"https:\/\/ropam.net\" target=\"_blank\" rel=\"noopener noreferrer\"><span style=\"color: #000080;\">https:\/\/ropam.net\u00a0 <\/span><\/a>(lub IP\u00a0 <a href=\"https:\/\/91.222.117.246\" target=\"_blank\" rel=\"noopener noreferrer\"><span style=\"color: #000080;\">https:\/\/91.222.117.246<\/span><\/a> lub zeskanuj kod QR)<br \/>\n2. Potwierd\u017a wyj\u0105tek certyfikatu SSL (certyfikat jest niezgodny z adresem serwera).<br \/>\n3. Wpisz dane do logowania:<br \/>\nKod u\u017cytkownika (4 znaki): <strong>5555<\/strong><br \/>\nHas\u0142o aplikacji TCP\/IP (16 znak\u00f3w):<strong><span style=\"background-color: #ff0000;\"><strong><span style=\"background-color: #ffffff;\">1234567890123456<\/span><\/strong><\/span><\/strong><\/div>\n<div style=\"text-align: center;\"><\/div>\n<div style=\"text-align: center;\">4. Kliknij &#8220;Zaloguj&#8221;.<br \/>\n5. Przetestuj demo z u\u017cyciem u\u017cytkownika g\u0142\u00f3wnego systemu OptimaGSM:<br \/>\nkontrola czuwania czterech stref, sterowanie wyj\u015bciami, podgl\u0105d i blokowanie wej\u015b\u0107, podgl\u0105d czterech kamer IP (zdj\u0119\u0107),przegl\u0105danie pami\u0119ci zdarze\u0144,\u00a0 podgl\u0105d temperatur i stanu systemu.<\/div>\n<div style=\"text-align: center;\">(Specyfikacja mo\u017ce zosta\u0107 zmieniona bez uprzedzenia.)<\/div>\n<div style=\"text-align: center;\">OptimaGSM i AP-IP &#8211; demo (film) wbudowanego webserwera, sterowanie przez internet.<\/div>\n<p>&nbsp;<\/p>\n","protected":false},"excerpt":{"rendered":"<p>Modu\u0142 komunikacyjny TCP\/IP do systemu OptimaGSM * Nowe funkcje: &#8211; wsp\u00f3\u0142praca z kamerami\u00a0 IP\u00a0 i rejestratorami DVR, przechwytywanie strumienia RTSP (4) do tworzenia zdj\u0119\u0107 dla MMS-\u00f3w (GPRS) lub za\u0142\u0105cznik\u00f3w e-mail (IP, internet), &#8211; kompatybilno\u015b\u0107: OptimaGSM, przekszta\u0142ca central\u0119 w nowoczesne rozwi\u0105zanie IoT ( t\u0142um. &#8216;Internet Rzeczy&#8217;), &#8211; obs\u0142uga do o\u015bmiu u\u017cytkownik\u00f3w jednocze\u015bnie (klient\u00f3w TCP\/IP), &#8211; wbudowany [&hellip;]<\/p>\n","protected":false},"featured_media":9695,"comment_status":"open","ping_status":"closed","template":"","meta":{"_acf_changed":false,"rank_math_lock_modified_date":false,"inline_featured_image":false},"product_cat":[603],"product_tag":[],"class_list":{"0":"post-8791","1":"product","2":"type-product","3":"status-publish","4":"has-post-thumbnail","6":"product_cat-centrale-alarmowe-archiwum","8":"first","9":"outofstock","10":"product-type-simple"},"acf":[],"_links":{"self":[{"href":"https:\/\/ropam.com.pl\/wsparcie\/wp-json\/wp\/v2\/product\/8791","targetHints":{"allow":["GET"]}}],"collection":[{"href":"https:\/\/ropam.com.pl\/wsparcie\/wp-json\/wp\/v2\/product"}],"about":[{"href":"https:\/\/ropam.com.pl\/wsparcie\/wp-json\/wp\/v2\/types\/product"}],"replies":[{"embeddable":true,"href":"https:\/\/ropam.com.pl\/wsparcie\/wp-json\/wp\/v2\/comments?post=8791"}],"wp:featuredmedia":[{"embeddable":true,"href":"https:\/\/ropam.com.pl\/wsparcie\/wp-json\/wp\/v2\/media\/9695"}],"wp:attachment":[{"href":"https:\/\/ropam.com.pl\/wsparcie\/wp-json\/wp\/v2\/media?parent=8791"}],"wp:term":[{"taxonomy":"product_cat","embeddable":true,"href":"https:\/\/ropam.com.pl\/wsparcie\/wp-json\/wp\/v2\/product_cat?post=8791"},{"taxonomy":"product_tag","embeddable":true,"href":"https:\/\/ropam.com.pl\/wsparcie\/wp-json\/wp\/v2\/product_tag?post=8791"}],"curies":[{"name":"wp","href":"https:\/\/api.w.org\/{rel}","templated":true}]}}