{"id":8779,"date":"2018-04-15T15:32:10","date_gmt":"2018-04-15T13:32:10","guid":{"rendered":"https:\/\/ropam.com.pl\/wsparcie\/produkt\/exp-o8t-rn-d4m-4\/"},"modified":"2026-04-07T08:22:18","modified_gmt":"2026-04-07T06:22:18","slug":"exp-o8t-rn-d4m-4","status":"publish","type":"product","link":"https:\/\/ropam.com.pl\/wsparcie\/exp-o8t-rn-d4m-4\/","title":{"rendered":"EXP-O8T-RN-D4M"},"content":{"rendered":"<h3 style=\"text-align: center;\"><span style=\"font-size: 36pt;\"><strong>EXP-O8T-RN-D4M<\/strong><\/span><\/h3>\n<p style=\"text-align: center;\"><b>Ekspander wyj\u015b\u0107 tranzystorowych, do central z serii <\/b><b>Neo-IP-64<\/b><b>\u00a0i\u00a0<\/b><b>Neo-IP.<\/b><\/p>\n<p style=\"text-align: center;\"><img loading=\"lazy\" decoding=\"async\" class=\"wp-image-9351 aligncenter\" src=\"https:\/\/ropam.com.pl\/wsparcie\/wp-content\/uploads\/2018\/04\/Projekt-bez-nazwy-50.png\" alt=\"\" width=\"420\" height=\"352\" srcset=\"https:\/\/ropam.com.pl\/wsparcie\/wp-content\/uploads\/2018\/04\/Projekt-bez-nazwy-50.png 940w, https:\/\/ropam.com.pl\/wsparcie\/wp-content\/uploads\/2018\/04\/Projekt-bez-nazwy-50-300x251.png 300w, https:\/\/ropam.com.pl\/wsparcie\/wp-content\/uploads\/2018\/04\/Projekt-bez-nazwy-50-768x644.png 768w, https:\/\/ropam.com.pl\/wsparcie\/wp-content\/uploads\/2018\/04\/Projekt-bez-nazwy-50-600x503.png 600w, https:\/\/ropam.com.pl\/wsparcie\/wp-content\/uploads\/2018\/04\/Projekt-bez-nazwy-50-60x50.png 60w\" sizes=\"auto, (max-width: 420px) 100vw, 420px\" \/><\/p>\n<h3><span style=\"font-size: 14pt;\"><strong style=\"color: #07acf2; font-family: 'arial black', sans-serif;\">W\u0142a\u015bciwo\u015bci :<\/strong><\/span><\/h3>\n<p><span style=\"color: #000000;\"><span style=\"font-size: 14pt;\">\u00bb K<\/span><\/span>ompatybilno\u015b\u0107:\u00a0<strong>NeoLTE-IP-64, NeoGSM-IP-64, Neo-IP-64, NeoLTE-IP, NeoGSM-IP, Neo-IP<\/strong><br \/>\n<span style=\"color: #000000;\"><span style=\"font-size: 14pt;\">\u00bb R<\/span><\/span>ozbudowa systemu o 8 dodatkowych wyj\u015b\u0107 tranzystorowych 0,7A<br \/>\n\u00bb Wielokana\u0142owe sterowanie RGBWCCT dla ta\u015bm LED (wymagane oprogramowanie co najmniej v2.2)<br \/>\n<span style=\"color: #000000;\"><span style=\"font-size: 14pt;\">\u00bb K<\/span><\/span>omunikacja z centralami po magistrali systemowej RopamNET<br \/>\n<span style=\"color: #000000;\"><span style=\"font-size: 14pt;\">\u00bb K<\/span><\/span>onfiguracja, w\u0142a\u015bciwo\u015bci i typy reakcji jak podstawowe wyj\u015bcia centrali<br \/>\n<span style=\"color: #000000;\"><span style=\"font-size: 14pt;\">\u00bb R<\/span><\/span>oz\u0142\u0105czne listwy zaciskowe<br \/>\n<b><strong><span style=\"color: #000000;\"><span style=\"font-size: 14pt;\">\u00bb<\/span><\/span><\/strong><span style=\"color: #000000;\"><span style=\"font-size: 14pt;\"> W<\/span><\/span>ersja w obudowie na szyn\u0119 TH35,\u00a0 szeroko\u015b\u0107 4M<\/b><\/p>\n<h3><span style=\"font-size: 14pt;\"><strong style=\"color: #07acf2; font-family: 'arial black', sans-serif;\">W zestawie :<\/strong><\/span><\/h3>\n<p><span style=\"color: #000000;\"><span style=\"font-size: 14pt;\">\u00bb M<\/span><\/span>odu\u0142 wyj\u015b\u0107 Ropam <b>EXP-O8T-RN-D4M<br \/>\n<\/b><\/p>\n<p>&nbsp;<\/p>\n<h3 style=\"text-align: center;\"><span style=\"font-size: 24pt; color: #ff0000;\"><strong style=\"font-family: 'arial black', sans-serif;\">W PE\u0141NI POLSKI PRODUKT<\/strong><\/span><\/h3>\n<p style=\"text-align: center;\"><span style=\"font-size: 14pt;\">Ca\u0142y etap produkcji, od pomys\u0142u po wykonanie ko\u0144cowe oparte s\u0105 o autorskie rozwi\u0105zania oraz dog\u0142\u0119bn\u0105 analiz\u0119 potrzeb i trend\u00f3w na\u00a0 rynku.<\/span><\/p>\n<p style=\"text-align: center;\"><img loading=\"lazy\" decoding=\"async\" class=\"wp-image-9726 alignnone\" src=\"https:\/\/ropam.com.pl\/wsparcie\/wp-content\/uploads\/2018\/04\/Obraz1.png\" alt=\"\" width=\"354\" height=\"325\" srcset=\"https:\/\/ropam.com.pl\/wsparcie\/wp-content\/uploads\/2018\/04\/Obraz1.png 292w, https:\/\/ropam.com.pl\/wsparcie\/wp-content\/uploads\/2018\/04\/Obraz1-60x55.png 60w\" sizes=\"auto, (max-width: 354px) 100vw, 354px\" \/><\/p>\n","protected":false},"excerpt":{"rendered":"<p><span style=\"font-size: 14pt;\">Ekspander wej\u015b\u0107 tranzystorowych<\/span><\/p>\n","protected":false},"featured_media":9351,"comment_status":"open","ping_status":"closed","template":"","meta":{"_acf_changed":false,"rank_math_lock_modified_date":false,"inline_featured_image":false},"product_cat":[526],"product_tag":[],"class_list":{"0":"post-8779","1":"product","2":"type-product","3":"status-publish","4":"has-post-thumbnail","6":"product_cat-moduly-wyjsc","8":"first","9":"instock","10":"taxable","11":"shipping-taxable","12":"purchasable","13":"product-type-simple"},"acf":[],"_links":{"self":[{"href":"https:\/\/ropam.com.pl\/wsparcie\/wp-json\/wp\/v2\/product\/8779","targetHints":{"allow":["GET"]}}],"collection":[{"href":"https:\/\/ropam.com.pl\/wsparcie\/wp-json\/wp\/v2\/product"}],"about":[{"href":"https:\/\/ropam.com.pl\/wsparcie\/wp-json\/wp\/v2\/types\/product"}],"replies":[{"embeddable":true,"href":"https:\/\/ropam.com.pl\/wsparcie\/wp-json\/wp\/v2\/comments?post=8779"}],"wp:featuredmedia":[{"embeddable":true,"href":"https:\/\/ropam.com.pl\/wsparcie\/wp-json\/wp\/v2\/media\/9351"}],"wp:attachment":[{"href":"https:\/\/ropam.com.pl\/wsparcie\/wp-json\/wp\/v2\/media?parent=8779"}],"wp:term":[{"taxonomy":"product_cat","embeddable":true,"href":"https:\/\/ropam.com.pl\/wsparcie\/wp-json\/wp\/v2\/product_cat?post=8779"},{"taxonomy":"product_tag","embeddable":true,"href":"https:\/\/ropam.com.pl\/wsparcie\/wp-json\/wp\/v2\/product_tag?post=8779"}],"curies":[{"name":"wp","href":"https:\/\/api.w.org\/{rel}","templated":true}]}}