{"id":8722,"date":"2018-04-15T15:32:08","date_gmt":"2018-04-15T13:32:08","guid":{"rendered":"https:\/\/ropam.com.pl\/wsparcie\/produkt\/tsr-1-tel-2\/"},"modified":"2025-12-22T09:52:19","modified_gmt":"2025-12-22T08:52:19","slug":"tsr-1-tel-2","status":"publish","type":"product","link":"https:\/\/ropam.com.pl\/wsparcie\/tsr-1-tel-2\/","title":{"rendered":"TSR-1-TEL"},"content":{"rendered":"<h3 style=\"text-align: center;\"><span style=\"font-size: 36pt;\">TSR-1-TEL<\/span><\/h3>\n<p style=\"text-align: center;\"><span style=\"font-size: 14pt;\">Czujnik temperatury, jest urz\u0105dzeniem przeznaczonym do wsp\u00f3\u0142pracy z urz\u0105dzeniami Ropam. Pozwala na pomiar temperatury w powietrzu. Warto\u015b\u0107 mierzona jest wykorzystywana przez modu\u0142y oraz centrale do realizacji funkcji termostatu.<\/span><\/p>\n<p style=\"text-align: center;\"><span style=\"font-size: 14pt;\"> Mo\u017ce sygnalizowa\u0107 poprzez SMS i\/lub VOICE (komunikat g\u0142osowy) przekroczenie warto\u015bci L, H.<\/span><\/p>\n<p style=\"text-align: center;\"><span style=\"font-family: 'arial black', sans-serif; color: #07acf2; font-size: 14pt;\"><strong><img loading=\"lazy\" decoding=\"async\" class=\"wp-image-9600 aligncenter\" src=\"https:\/\/ropam.com.pl\/wsparcie\/wp-content\/uploads\/2018\/04\/Projekt-bez-nazwy-2024-08-06T134448.602.png\" alt=\"\" width=\"314\" height=\"314\" srcset=\"https:\/\/ropam.com.pl\/wsparcie\/wp-content\/uploads\/2018\/04\/Projekt-bez-nazwy-2024-08-06T134448.602.png 1080w, https:\/\/ropam.com.pl\/wsparcie\/wp-content\/uploads\/2018\/04\/Projekt-bez-nazwy-2024-08-06T134448.602-300x300.png 300w, https:\/\/ropam.com.pl\/wsparcie\/wp-content\/uploads\/2018\/04\/Projekt-bez-nazwy-2024-08-06T134448.602-1024x1024.png 1024w, https:\/\/ropam.com.pl\/wsparcie\/wp-content\/uploads\/2018\/04\/Projekt-bez-nazwy-2024-08-06T134448.602-150x150.png 150w, https:\/\/ropam.com.pl\/wsparcie\/wp-content\/uploads\/2018\/04\/Projekt-bez-nazwy-2024-08-06T134448.602-768x768.png 768w, https:\/\/ropam.com.pl\/wsparcie\/wp-content\/uploads\/2018\/04\/Projekt-bez-nazwy-2024-08-06T134448.602-600x600.png 600w, https:\/\/ropam.com.pl\/wsparcie\/wp-content\/uploads\/2018\/04\/Projekt-bez-nazwy-2024-08-06T134448.602-100x100.png 100w, https:\/\/ropam.com.pl\/wsparcie\/wp-content\/uploads\/2018\/04\/Projekt-bez-nazwy-2024-08-06T134448.602-60x60.png 60w\" sizes=\"auto, (max-width: 314px) 100vw, 314px\" \/><\/strong><\/span><\/p>\n<p><span style=\"font-family: 'arial black', sans-serif; color: #07acf2; font-size: 14pt;\"><strong>W\u0142a\u015bciwo\u015bci<\/strong><\/span><\/p>\n<p>\u00bb Kompatybilno\u015b\u0107 z centralami alarmowymi i modu\u0142ami GSM\/LTE poprzez z\u0142\u0105cze TSR<br \/>\n\u00bb Odleg\u0142o\u015b\u0107 od centrali\/modu\u0142u GSM\/LTE max 50m<br \/>\n\u00bb\u00a0Zakres pomiaru temperatury: -20&#8217;C do +70&#8217;C<br \/>\n\u00bb Zwarta, hermetyczna konstrukcja z fabrycznym p\u0142askim przewodem 3m<br \/>\n\u00bb Dok\u0142adno\u015b\u0107 pomiaru 1\u00b0C dla BasicLTE, BasicGSM 2, MultiLTE-RF, MultiGSM 2<br \/>\n\u00bb Dok\u0142adno\u015b\u0107 pomiaru 0,5\u00b0C dla central z serii Neo-IP-64 i Neo-IP<\/p>\n<p>&nbsp;<\/p>\n<h3 style=\"text-align: center;\"><span style=\"font-size: 24pt; color: #ff0000;\"><strong style=\"font-family: 'arial black', sans-serif;\">W PE\u0141NI POLSKI PRODUKT<\/strong><\/span><\/h3>\n<p style=\"text-align: center;\"><span style=\"font-size: 14pt;\">Ca\u0142y etap produkcji, od pomys\u0142u po wykonanie ko\u0144cowe oparte s\u0105 o autorskie rozwi\u0105zania oraz dog\u0142\u0119bn\u0105 analiz\u0119 potrzeb i trend\u00f3w na\u00a0 rynku.<\/span><\/p>\n<p style=\"text-align: center;\"><img loading=\"lazy\" decoding=\"async\" class=\"wp-image-9726 alignnone\" src=\"https:\/\/ropam.com.pl\/wsparcie\/wp-content\/uploads\/2018\/04\/Obraz1.png\" alt=\"\" width=\"354\" height=\"325\" srcset=\"https:\/\/ropam.com.pl\/wsparcie\/wp-content\/uploads\/2018\/04\/Obraz1.png 292w, https:\/\/ropam.com.pl\/wsparcie\/wp-content\/uploads\/2018\/04\/Obraz1-60x55.png 60w\" sizes=\"auto, (max-width: 354px) 100vw, 354px\" \/><\/p>\n","protected":false},"excerpt":{"rendered":"<p><span style=\"font-size: 18.6667px;\">Czujnik temperatury<\/span><\/p>\n","protected":false},"featured_media":9600,"comment_status":"open","ping_status":"closed","template":"","meta":{"_acf_changed":false,"rank_math_lock_modified_date":false,"inline_featured_image":false},"product_cat":[582],"product_tag":[],"class_list":{"0":"post-8722","1":"product","2":"type-product","3":"status-publish","4":"has-post-thumbnail","6":"product_cat-czujniki-temperatury-automatyka-budynkowa","8":"first","9":"instock","10":"taxable","11":"shipping-taxable","12":"purchasable","13":"product-type-simple"},"acf":[],"_links":{"self":[{"href":"https:\/\/ropam.com.pl\/wsparcie\/wp-json\/wp\/v2\/product\/8722","targetHints":{"allow":["GET"]}}],"collection":[{"href":"https:\/\/ropam.com.pl\/wsparcie\/wp-json\/wp\/v2\/product"}],"about":[{"href":"https:\/\/ropam.com.pl\/wsparcie\/wp-json\/wp\/v2\/types\/product"}],"replies":[{"embeddable":true,"href":"https:\/\/ropam.com.pl\/wsparcie\/wp-json\/wp\/v2\/comments?post=8722"}],"wp:featuredmedia":[{"embeddable":true,"href":"https:\/\/ropam.com.pl\/wsparcie\/wp-json\/wp\/v2\/media\/9600"}],"wp:attachment":[{"href":"https:\/\/ropam.com.pl\/wsparcie\/wp-json\/wp\/v2\/media?parent=8722"}],"wp:term":[{"taxonomy":"product_cat","embeddable":true,"href":"https:\/\/ropam.com.pl\/wsparcie\/wp-json\/wp\/v2\/product_cat?post=8722"},{"taxonomy":"product_tag","embeddable":true,"href":"https:\/\/ropam.com.pl\/wsparcie\/wp-json\/wp\/v2\/product_tag?post=8722"}],"curies":[{"name":"wp","href":"https:\/\/api.w.org\/{rel}","templated":true}]}}