{"id":8508,"date":"2018-04-15T15:31:57","date_gmt":"2018-04-15T13:31:57","guid":{"rendered":"https:\/\/ropam.com.pl\/wsparcie\/produkt\/ips-4\/"},"modified":"2024-12-27T12:54:40","modified_gmt":"2024-12-27T11:54:40","slug":"ips-4","status":"publish","type":"product","link":"https:\/\/ropam.com.pl\/wsparcie\/ips-4\/","title":{"rendered":"IPS-4"},"content":{"rendered":"<p><b>INTELIGENTNY PRZEKA\u0179NIK ZASILANIA<\/b><\/p>\n<p>Czterokana\u0142owy przeka\u017anik p\u00f3\u0142przewodnikowy z wbudowanym zabezpieczeniem elektronicznym<br \/>\ntzw. bezpieczniki elektroniczne.<\/p>\n<p>Nowoczesny sterowany modu\u0142 dystrybucji zasilania dedykowany do niskonapi\u0119ciowych aplikacji zasilania DC.IPS-4 pozwala na sterowanie wyj\u015bciami niskopr\u0105dowymi (np. wyj\u015bcia OC modu\u0142u GSM) odbiornikami du\u017cej mocy lub klonowanie wyj\u015b\u0107 wysokopr\u0105dowych (np. zmiana jednego wyj\u015bcia 3A na 4&#215;0,7A), przy czym ka\u017cde wyj\u015bcie posiada niezale\u017cny \u201ebezpiecznik elektroniczny\u201d. Dzi\u0119ki uniwersalnej konstrukcji modu\u0142 idealnie nadaje si\u0119 tak\u017ce do dystrybucji zasilania, separacji zwar\u0107 w systemach alarmowych, CCTV, kontroli dost\u0119pu, systemach oddymiania itd. Przy wsp\u00f3\u0142pracy z zasilaczami buforowymi 12V\/DC wbudowane zabezpieczenie podnapi\u0119ciowe automatycznie wy\u0142\u0105cza wyj\u015bcia przy spadku napi\u0119cia zasilania, w ten spos\u00f3b jednocze\u015bnie realizowana jest ochrona akumulatora 12V przed nadmiernym roz\u0142adowanie i jego uszkodzeniem.<\/p>\n<p>\u2022 cztery niezale\u017cnie sterowane i zabezpieczone kana\u0142y dedykowane do zasilania urz\u0105dze\u0144 (wsp\u00f3lne GND)<br \/>\n\u2022 cztery wej\u015bcia do wyzwalaj\u0105ce (I1-I4) poprzez GND lub +U<br \/>\n\u2022 cztery wyj\u015bcia statusu (S1-S4) wyj\u015b\u0107 zasilaj\u0105cych OUT1-OUT4 do zdalnej kontroli stanu modu\u0142u<br \/>\n\u2022 napi\u0119cie zasilania 10V-30V DC (z ochron\u0105 podnapi\u0119ciow\u0105)<br \/>\n\u2022 pr\u0105d nominalny 0,7A, ka\u017cdego kana\u0142u (4&#215;0,7A) z mo\u017cliwo\u015bci\u0105 sumowania kana\u0142\u00f3w np. 2x 1,4A, 1&#215;0,7A+1&#215;2,1A<br \/>\n\u2022 zabezpieczenia: przeciwzwarciowe, przeci\u0105\u017ceniowe (ograniczenie<br \/>\npr\u0105du), podnapi\u0119ciowe, temperaturowe<br \/>\n\u2022 dedykowany do zasilania odbiornik\u00f3w rezystancyjnych i\/lub indukcyjnych<br \/>\n\u2022 sygnalizacja optyczna: zasilanie DC, wyj\u015bcia OUT1-OUT4, wyj\u015b\u0107 statusu S1-S4<br \/>\n\u2022 minimalna rezystancja &#8216;klucza&#8217;, z kt\u00f3rego wynikaj\u0105 spadki napi\u0119cia wej\u015bcie\/wyj\u015bcie: 10 razy mniejsza od PTC i 5 razy mniejsze od bezpiecznika topikowego (@ 1A)<br \/>\n\u2022 ma\u0142e wymiary 50&#215;50 [mm]<br \/>\n\u2022 \u0142atwy monta\u017c za pomoc\u0105 samoprzylepnych tulejek dystansowych<\/p>\n<p><b>ZASTOSOWANIE<\/b><br \/>\nJako uk\u0142ad sterowania i zabezpieczenia zasilania DC w obwodach elektrycznych (niskonapi\u0119ciowych). Dzi\u0119ki uniwersalnej konstrukcji modu\u0142 idealnie nadaje si\u0119: sterowanie i zasilanie w systemach alarmowych, kontroli dost\u0119pu, CCTV, dystrybucji zasilania, separacji zwar\u0107, o\u015bwietlenia LED, systemach oddymiania itd.<\/p>\n","protected":false},"excerpt":{"rendered":"<p>INTELIGENTNY PRZEKA\u0179NIK ZASILANIA Czterokana\u0142owy przeka\u017anik p\u00f3\u0142przewodnikowy z wbudowanym zabezpieczeniem elektronicznym tzw. bezpieczniki elektroniczne. Nowoczesny sterowany modu\u0142 dystrybucji zasilania dedykowany do niskonapi\u0119ciowych aplikacji zasilania DC.IPS-4 pozwala na sterowanie wyj\u015bciami niskopr\u0105dowymi (np. wyj\u015bcia OC modu\u0142u GSM) odbiornikami du\u017cej mocy lub klonowanie wyj\u015b\u0107 wysokopr\u0105dowych (np. zmiana jednego wyj\u015bcia 3A na 4&#215;0,7A), przy czym ka\u017cde wyj\u015bcie posiada niezale\u017cny \u201ebezpiecznik [&hellip;]<\/p>\n","protected":false},"featured_media":11646,"comment_status":"open","ping_status":"closed","template":"","meta":{"_acf_changed":false,"rank_math_lock_modified_date":false,"inline_featured_image":false},"product_cat":[605],"product_tag":[],"class_list":{"0":"post-8508","1":"product","2":"type-product","3":"status-publish","4":"has-post-thumbnail","6":"product_cat-automatyka-budynkowa-archiwum","8":"first","9":"outofstock","10":"product-type-simple"},"acf":[],"_links":{"self":[{"href":"https:\/\/ropam.com.pl\/wsparcie\/wp-json\/wp\/v2\/product\/8508","targetHints":{"allow":["GET"]}}],"collection":[{"href":"https:\/\/ropam.com.pl\/wsparcie\/wp-json\/wp\/v2\/product"}],"about":[{"href":"https:\/\/ropam.com.pl\/wsparcie\/wp-json\/wp\/v2\/types\/product"}],"replies":[{"embeddable":true,"href":"https:\/\/ropam.com.pl\/wsparcie\/wp-json\/wp\/v2\/comments?post=8508"}],"wp:featuredmedia":[{"embeddable":true,"href":"https:\/\/ropam.com.pl\/wsparcie\/wp-json\/wp\/v2\/media\/11646"}],"wp:attachment":[{"href":"https:\/\/ropam.com.pl\/wsparcie\/wp-json\/wp\/v2\/media?parent=8508"}],"wp:term":[{"taxonomy":"product_cat","embeddable":true,"href":"https:\/\/ropam.com.pl\/wsparcie\/wp-json\/wp\/v2\/product_cat?post=8508"},{"taxonomy":"product_tag","embeddable":true,"href":"https:\/\/ropam.com.pl\/wsparcie\/wp-json\/wp\/v2\/product_tag?post=8508"}],"curies":[{"name":"wp","href":"https:\/\/api.w.org\/{rel}","templated":true}]}}