{"id":8406,"date":"2025-12-26T15:31:53","date_gmt":"2025-12-26T14:31:53","guid":{"rendered":"https:\/\/ropam.com.pl\/wsparcie\/produkt\/at-gsm-tag\/"},"modified":"2026-02-03T12:47:46","modified_gmt":"2026-02-03T11:47:46","slug":"at-gsm-tag","status":"publish","type":"product","link":"https:\/\/ropam.com.pl\/wsparcie\/at-gsm-tag\/","title":{"rendered":"AT-GSM-TAG"},"content":{"rendered":"<h3 style=\"text-align: center;\"><strong><span style=\"font-size: 36pt;\">AT-GSM-TAG<\/span><\/strong><\/h3>\n<p style=\"text-align: center;\"><span style=\"font-size: 14pt;\">Specjalna antena GSM\/LTE z samoprzylepn\u0105 podstaw\u0105, do monta\u017cu na p\u0142askiej powierzchni (nie metalowej; szk\u0142o, plastik, drewno).<br \/>\nPrzeznaczona do u\u017cytku wewn\u0119trznego i zewn\u0119trznego.<\/span><\/p>\n<p style=\"text-align: center;\"><img loading=\"lazy\" decoding=\"async\" class=\"wp-image-9893 aligncenter\" src=\"https:\/\/ropam.com.pl\/wsparcie\/wp-content\/uploads\/2018\/04\/atgsmtag.jpg\" alt=\"\" width=\"376\" height=\"328\" srcset=\"https:\/\/ropam.com.pl\/wsparcie\/wp-content\/uploads\/2018\/04\/atgsmtag.jpg 580w, https:\/\/ropam.com.pl\/wsparcie\/wp-content\/uploads\/2018\/04\/atgsmtag-300x262.jpg 300w, https:\/\/ropam.com.pl\/wsparcie\/wp-content\/uploads\/2018\/04\/atgsmtag-60x52.jpg 60w\" sizes=\"auto, (max-width: 376px) 100vw, 376px\" \/><\/p>\n<p><span style=\"font-size: 14pt;\"><strong style=\"color: #07acf2; font-family: 'arial black', sans-serif;\">W\u0142a\u015bciwo\u015bci\u00a0<\/strong><\/span><\/p>\n<p><strong><span style=\"font-size: 12pt;\"><span style=\"color: #000000;\">\u00bb<\/span><\/span><\/strong><span style=\"font-size: 12pt;\"><span style=\"color: #000000;\"> Cz\u0119stotliwo\u015b\u0107: 900\/1800\/2100\/2600 MHz (690~960\/1710~2170\/ 2300~2690MHz)<\/span><\/span><br \/>\n<strong><span style=\"font-size: 12pt;\"><span style=\"color: #000000;\">\u00bb <\/span><\/span><\/strong>Monta\u017c: klejona<br \/>\n<strong><span style=\"font-size: 12pt;\"><span style=\"color: #000000;\">\u00bb <\/span><\/span><\/strong>Z\u0142\u0105cze: SMAm, kabel RG174- 2,5 m<br \/>\n<strong><span style=\"font-size: 12pt;\"><span style=\"color: #000000;\">\u00bb <\/span><\/span><\/strong>Zysk: &lt; 4,5 dBi<br \/>\n<strong><span style=\"font-size: 12pt;\"><span style=\"color: #000000;\">\u00bb <\/span><\/span><\/strong>VSWR 116.5 \u00d7 21.7 \u00d7 5.6 mm<br \/>\n<strong><span style=\"font-size: 12pt;\"><span style=\"color: #000000;\">\u00bb <\/span><\/span><\/strong>Impedancja: 50 Om<br \/>\n<strong><span style=\"font-size: 12pt;\"><span style=\"color: #000000;\">\u00bb <\/span><\/span><\/strong>Polaryzacja: pionowa<br \/>\n<strong><span style=\"font-size: 12pt;\"><span style=\"color: #000000;\">\u00bb <\/span><\/span><\/strong>Wymiary: 116,5 \u00d7 21,7 \u00d7 5,6 mm {mm}<br \/>\n<strong><span style=\"font-size: 12pt;\"><span style=\"color: #000000;\">\u00bb <\/span><\/span><\/strong>Kolor: czarny<br \/>\n<strong><span style=\"font-size: 12pt;\"><span style=\"color: #000000;\">\u00bb <\/span><\/span><\/strong>Temp. pracy: -20\u00b0C \u00f7 60\u00b0C<\/p>\n<p style=\"text-align: center;\">\n","protected":false},"excerpt":{"rendered":"<p><span style=\"font-size: 14pt;\">Antena GSM\/LTE p\u0142aska, klejona, czarna<\/span><\/p>\n","protected":false},"featured_media":12656,"comment_status":"open","ping_status":"closed","template":"","meta":{"_acf_changed":false,"rank_math_lock_modified_date":false,"inline_featured_image":false},"product_cat":[436],"product_tag":[631],"class_list":{"0":"post-8406","1":"product","2":"type-product","3":"status-publish","4":"has-post-thumbnail","6":"product_cat-anteny-gsm-lte","7":"product_tag-gsm-lte-antenna","9":"first","10":"instock","11":"taxable","12":"shipping-taxable","13":"purchasable","14":"product-type-simple"},"acf":[],"_links":{"self":[{"href":"https:\/\/ropam.com.pl\/wsparcie\/wp-json\/wp\/v2\/product\/8406","targetHints":{"allow":["GET"]}}],"collection":[{"href":"https:\/\/ropam.com.pl\/wsparcie\/wp-json\/wp\/v2\/product"}],"about":[{"href":"https:\/\/ropam.com.pl\/wsparcie\/wp-json\/wp\/v2\/types\/product"}],"replies":[{"embeddable":true,"href":"https:\/\/ropam.com.pl\/wsparcie\/wp-json\/wp\/v2\/comments?post=8406"}],"wp:featuredmedia":[{"embeddable":true,"href":"https:\/\/ropam.com.pl\/wsparcie\/wp-json\/wp\/v2\/media\/12656"}],"wp:attachment":[{"href":"https:\/\/ropam.com.pl\/wsparcie\/wp-json\/wp\/v2\/media?parent=8406"}],"wp:term":[{"taxonomy":"product_cat","embeddable":true,"href":"https:\/\/ropam.com.pl\/wsparcie\/wp-json\/wp\/v2\/product_cat?post=8406"},{"taxonomy":"product_tag","embeddable":true,"href":"https:\/\/ropam.com.pl\/wsparcie\/wp-json\/wp\/v2\/product_tag?post=8406"}],"curies":[{"name":"wp","href":"https:\/\/api.w.org\/{rel}","templated":true}]}}