{"id":8404,"date":"2025-12-30T15:31:53","date_gmt":"2025-12-30T14:31:53","guid":{"rendered":"https:\/\/ropam.com.pl\/wsparcie\/produkt\/at-gsm-mag-9dbi-3\/"},"modified":"2026-02-03T12:40:05","modified_gmt":"2026-02-03T11:40:05","slug":"at-gsm-mag-9dbi","status":"publish","type":"product","link":"https:\/\/ropam.com.pl\/wsparcie\/at-gsm-mag-9dbi\/","title":{"rendered":"AT-GSM-MAG-9dBi"},"content":{"rendered":"<h3 style=\"text-align: center;\"><span style=\"font-size: 36pt;\"><b>AT-GSM-MAG-9dBi<\/b><\/span><\/h3>\n<p style=\"text-align: center;\"><span style=\"font-size: 14pt;\">Antena GSM\/LTE z magnetyczn\u0105 podstaw\u0105, do monta\u017cu na metalowej powierzchni (obudowie).<br \/>\nPrzeznaczona do u\u017cytku wewn\u0119trznego i zewn\u0119trznego.<\/span><\/p>\n<p style=\"text-align: center;\"><img loading=\"lazy\" decoding=\"async\" class=\"wp-image-9891 aligncenter\" src=\"https:\/\/ropam.com.pl\/wsparcie\/wp-content\/uploads\/2018\/04\/atgsmmag9dbi.png\" alt=\"\" width=\"231\" height=\"322\" srcset=\"https:\/\/ropam.com.pl\/wsparcie\/wp-content\/uploads\/2018\/04\/atgsmmag9dbi.png 139w, https:\/\/ropam.com.pl\/wsparcie\/wp-content\/uploads\/2018\/04\/atgsmmag9dbi-43x60.png 43w\" sizes=\"auto, (max-width: 231px) 100vw, 231px\" \/><\/p>\n<p><span style=\"font-size: 14pt;\"><strong style=\"color: #07acf2; font-family: 'arial black', sans-serif;\">W\u0142a\u015bciwo\u015bci\u00a0<\/strong><\/span><\/p>\n<p><span style=\"font-size: 12pt;\"><span style=\"color: #000000;\">\u00bb Z<\/span><\/span>astosowanie: antena do urz\u0105dze\u0144 2G\/3G\/4G (LTE)<br \/>\n<span style=\"font-size: 12pt;\"><span style=\"color: #000000;\">\u00bb C<\/span><\/span>z\u0119stotliwo\u015b\u0107: 700-900MHz, 1800-2100MHz, 2400-2700MHz<br \/>\n<span style=\"font-size: 12pt;\"><span style=\"color: #000000;\">\u00bb M<\/span><\/span>onta\u017c: podstawa magnetyczna<br \/>\n<span style=\"font-size: 12pt;\"><span style=\"color: #000000;\">\u00bb Z<\/span><\/span>\u0142\u0105cze: SMAm, kabel RG174\/U, 3.5-5.0 m (typowo 5m)<br \/>\n<span style=\"font-size: 12pt;\"><span style=\"color: #000000;\">\u00bb Z<\/span><\/span>ysk: 9-12dBi<br \/>\n<span style=\"font-size: 12pt;\"><span style=\"color: #000000;\">\u00bb <\/span><\/span>VSWR &lt;2.0<br \/>\n<span style=\"font-size: 12pt;\"><span style=\"color: #000000;\">\u00bb I<\/span><\/span>mpedancja: 50 \u03a9<br \/>\n<span style=\"font-size: 12pt;\"><span style=\"color: #000000;\">\u00bb P<\/span><\/span>olaryzacja: pionowa<br \/>\n<span style=\"font-size: 12pt;\"><span style=\"color: #000000;\">\u00bb W<\/span><\/span>ymiary: \u00f8 60 mm x 450 mm<br \/>\n<span style=\"font-size: 12pt;\"><span style=\"color: #000000;\">\u00bb K<\/span><\/span>olor: czarny<br \/>\n<span style=\"font-size: 12pt;\"><span style=\"color: #000000;\">\u00bb T<\/span><\/span>emp. pracy: -30\u00b0C \u00f7 80\u00b0C<\/p>\n","protected":false},"excerpt":{"rendered":"<p><span style=\"font-size: 14pt;\">Antena GSM magnetyczna, czarna<\/span><\/p>\n","protected":false},"featured_media":9579,"comment_status":"open","ping_status":"closed","template":"","meta":{"_acf_changed":false,"rank_math_lock_modified_date":false,"inline_featured_image":false},"product_cat":[436],"product_tag":[],"class_list":{"0":"post-8404","1":"product","2":"type-product","3":"status-publish","4":"has-post-thumbnail","6":"product_cat-anteny-gsm-lte","8":"first","9":"instock","10":"taxable","11":"shipping-taxable","12":"purchasable","13":"product-type-simple"},"acf":[],"_links":{"self":[{"href":"https:\/\/ropam.com.pl\/wsparcie\/wp-json\/wp\/v2\/product\/8404","targetHints":{"allow":["GET"]}}],"collection":[{"href":"https:\/\/ropam.com.pl\/wsparcie\/wp-json\/wp\/v2\/product"}],"about":[{"href":"https:\/\/ropam.com.pl\/wsparcie\/wp-json\/wp\/v2\/types\/product"}],"replies":[{"embeddable":true,"href":"https:\/\/ropam.com.pl\/wsparcie\/wp-json\/wp\/v2\/comments?post=8404"}],"wp:featuredmedia":[{"embeddable":true,"href":"https:\/\/ropam.com.pl\/wsparcie\/wp-json\/wp\/v2\/media\/9579"}],"wp:attachment":[{"href":"https:\/\/ropam.com.pl\/wsparcie\/wp-json\/wp\/v2\/media?parent=8404"}],"wp:term":[{"taxonomy":"product_cat","embeddable":true,"href":"https:\/\/ropam.com.pl\/wsparcie\/wp-json\/wp\/v2\/product_cat?post=8404"},{"taxonomy":"product_tag","embeddable":true,"href":"https:\/\/ropam.com.pl\/wsparcie\/wp-json\/wp\/v2\/product_tag?post=8404"}],"curies":[{"name":"wp","href":"https:\/\/api.w.org\/{rel}","templated":true}]}}