{"id":8339,"date":"2018-04-15T15:31:50","date_gmt":"2018-04-15T13:31:50","guid":{"rendered":"https:\/\/ropam.com.pl\/wsparcie\/produkt\/psr-2\/"},"modified":"2024-12-30T13:47:34","modified_gmt":"2024-12-30T12:47:34","slug":"psr-2","status":"publish","type":"product","link":"https:\/\/ropam.com.pl\/wsparcie\/psr-2\/","title":{"rendered":"PSR"},"content":{"rendered":"<p><b>MODU\u0141 IMPULSOWEGO ZASILACZA BUFOROWEGO<\/b><\/p>\n<p>MODU\u0141 IMPULSOWEGO ZASILACZA BUFOROWEGO<br \/>\nPrzeznaczony jest do nieprzerwanego zasilania urz\u0105dze\u0144 wymagaj\u0105cych stabilizowanego napi\u0119cia 12V\/DC (+\/-15%). Pozwala na niezale\u017cne zasilanie dw\u00f3ch grup odbiornik\u00f3w poprzez zabezpieczone wyj\u015bcia 1 (1A max.) oraz 2 (0,3A max.),<br \/>\n\u2022 dedykowany do zasilania modu\u0142\u00f3w MGSM xx ( np. MGSM 4.0, MGSM 5.0),<br \/>\n\u2022 zasilanie element\u00f3w system\u00f3w alarmowych, kontroli dost\u0119pu itp.<\/p>\n<p><b>MODU\u0141 ZASILACZA BUFOROWEGO<\/b><br \/>\n<b>\u2022 zasilacz impulsowy<\/b><br \/>\n&#8211; wydajno\u015b\u0107 pr\u0105dowa 1,3A- ci\u0105g\u0142a (1,7A- sumaryczna wydajno\u015b\u0107 z \u0142ad. AKU),<br \/>\n&#8211; automatyczna regulacja napi\u0119cia,<br \/>\n&#8211; mikroprocesorowa diagnostyka stanu pracy,<br \/>\n&#8211; zabezpieczenie przeciwzwarciowe, przeci\u0105\u017ceniowe i termiczne,<br \/>\n&#8211; efektywno\u015b\u0107 przetwarzania 70%-90%,<br \/>\n<b>\u2022 uk\u0142ad \u0142adowania i kontroli akumulatora<\/b><br \/>\n&#8211; \u0142adowanie akumulatora dwufazowe: sta\u0142o-pr\u0105dowe, sta\u0142o-napi\u0119ciowe,<br \/>\n&#8211; zabezpieczenie akumulatora przed nadmiernym roz\u0142adowaniem (funkcja za\u0142.\/wy\u0142),<br \/>\n&#8211; dynamiczny test akumulatora (funkcja za\u0142.\/wy\u0142.),<br \/>\n<b>\u2022 wyj\u015bcia zasilania [2]:<\/b><br \/>\n&#8211; niezale\u017cne wyj\u015bcia: 1= 13,8V\/1A i 2=13,8V\/0,3A,<br \/>\n&#8211; zabezpieczenie przed zwarciem poprzez bezpieczniki PTC,<br \/>\n<b>\u2022 wyj\u015bcia techniczne<\/b><br \/>\n&#8211; F sygnalizacja stanu awarii: wyj\u015bcia 1 lub 2, akumulatora, wysokie nap. AC&gt;24V,<br \/>\n&#8211; NAC sygnalizacja stanu awarii: brak AC, (regulowane op\u00f3\u017anienie: 1s, 300s, 1h, 6h),<br \/>\n&#8211; BUZ sygnalizacja stanu awarii: sygna\u0142 przerywany,<br \/>\n<b>\u2022 sygnalizacja pracy<\/b><br \/>\n&#8211; optyczna sygnalizacja pracy (diody LED),<br \/>\n&#8211; cyfrowa komunikacja z MGSM xx, NEO przekazywanie stanu lub awarii poprzez SMS,<br \/>\n<b>\u2022 konfiguracja<\/b><br \/>\n&#8211; poprzez zworki (funkcje, sygnalizacja wyj\u015b\u0107 technicznych),<br \/>\n&#8211; program PARTNER GSM (SMS-y, pami\u0119\u0107 zdarze\u0144, tryb ONLINE)<\/p>\n<p><strong>ZESTAW<\/strong>: modu\u0142 PSR, \u00a04 ko\u0142ki samoprzylepne, \u00a0instrukcja.<br \/>\n<strong>UWAGI:<\/strong> wymaga transformatora min. 30VA<\/p>\n","protected":false},"excerpt":{"rendered":"<p>MODU\u0141 IMPULSOWEGO ZASILACZA BUFOROWEGO MODU\u0141 IMPULSOWEGO ZASILACZA BUFOROWEGO Przeznaczony jest do nieprzerwanego zasilania urz\u0105dze\u0144 wymagaj\u0105cych stabilizowanego napi\u0119cia 12V\/DC (+\/-15%). Pozwala na niezale\u017cne zasilanie dw\u00f3ch grup odbiornik\u00f3w poprzez zabezpieczone wyj\u015bcia 1 (1A max.) oraz 2 (0,3A max.), \u2022 dedykowany do zasilania modu\u0142\u00f3w MGSM xx ( np. MGSM 4.0, MGSM 5.0), \u2022 zasilanie element\u00f3w system\u00f3w alarmowych, kontroli [&hellip;]<\/p>\n","protected":false},"featured_media":11677,"comment_status":"open","ping_status":"closed","template":"","meta":{"_acf_changed":false,"rank_math_lock_modified_date":false,"inline_featured_image":false},"product_cat":[610],"product_tag":[],"class_list":{"0":"post-8339","1":"product","2":"type-product","3":"status-publish","4":"has-post-thumbnail","6":"product_cat-psr-seria-archiwum","8":"first","9":"outofstock","10":"product-type-simple"},"acf":[],"_links":{"self":[{"href":"https:\/\/ropam.com.pl\/wsparcie\/wp-json\/wp\/v2\/product\/8339","targetHints":{"allow":["GET"]}}],"collection":[{"href":"https:\/\/ropam.com.pl\/wsparcie\/wp-json\/wp\/v2\/product"}],"about":[{"href":"https:\/\/ropam.com.pl\/wsparcie\/wp-json\/wp\/v2\/types\/product"}],"replies":[{"embeddable":true,"href":"https:\/\/ropam.com.pl\/wsparcie\/wp-json\/wp\/v2\/comments?post=8339"}],"wp:featuredmedia":[{"embeddable":true,"href":"https:\/\/ropam.com.pl\/wsparcie\/wp-json\/wp\/v2\/media\/11677"}],"wp:attachment":[{"href":"https:\/\/ropam.com.pl\/wsparcie\/wp-json\/wp\/v2\/media?parent=8339"}],"wp:term":[{"taxonomy":"product_cat","embeddable":true,"href":"https:\/\/ropam.com.pl\/wsparcie\/wp-json\/wp\/v2\/product_cat?post=8339"},{"taxonomy":"product_tag","embeddable":true,"href":"https:\/\/ropam.com.pl\/wsparcie\/wp-json\/wp\/v2\/product_tag?post=8339"}],"curies":[{"name":"wp","href":"https:\/\/api.w.org\/{rel}","templated":true}]}}