{"id":13916,"date":"2026-03-31T10:57:21","date_gmt":"2026-03-31T08:57:21","guid":{"rendered":"https:\/\/ropam.com.pl\/wsparcie\/?post_type=product&#038;p=13916"},"modified":"2026-03-31T11:14:10","modified_gmt":"2026-03-31T09:14:10","slug":"at-gsm-mod","status":"publish","type":"product","link":"https:\/\/ropam.com.pl\/wsparcie\/at-gsm-mod\/","title":{"rendered":"AT-GSM-MOD"},"content":{"rendered":"<p style=\"text-align: center;\"><span style=\"font-size: 36pt;\">AT-GSM-MOD<\/span><\/p>\n<p style=\"text-align: center;\"><span style=\"font-size: 14pt;\">Antena GSM\/LTE do monta\u017cu w z\u0142\u0105czu SMA, pionowa\/k\u0105towa 90\u00b0. Antena przeznaczona do u\u017cytku wewn\u0119trznego.<\/span><\/p>\n<p style=\"text-align: center;\"><img loading=\"lazy\" decoding=\"async\" class=\"alignnone wp-image-13917 size-medium\" src=\"https:\/\/ropam.com.pl\/wsparcie\/wp-content\/uploads\/2026\/03\/at-gsm-mod_ropam-300x181.png\" alt=\"\" width=\"300\" height=\"181\" srcset=\"https:\/\/ropam.com.pl\/wsparcie\/wp-content\/uploads\/2026\/03\/at-gsm-mod_ropam-300x181.png 300w, https:\/\/ropam.com.pl\/wsparcie\/wp-content\/uploads\/2026\/03\/at-gsm-mod_ropam-60x36.png 60w, https:\/\/ropam.com.pl\/wsparcie\/wp-content\/uploads\/2026\/03\/at-gsm-mod_ropam.png 451w\" sizes=\"auto, (max-width: 300px) 100vw, 300px\" \/><\/p>\n<p><span style=\"font-size: 14pt; font-family: georgia, palatino, serif;\"><strong style=\"color: #07acf2;\">W\u0142a\u015bciwo\u015bci\u00a0<\/strong><\/span><\/p>\n<p><span style=\"font-size: 12pt; font-family: georgia, palatino, serif;\"><span style=\"color: #000000;\">\u00bb Cz\u0119stotliwo\u015b\u0107: 900\/1800\/2100\/2600 MHz (690~960\/1710~2690MHz)<\/span><\/span><br \/>\n<span style=\"font-size: 12pt; font-family: georgia, palatino, serif;\"><strong><span style=\"color: #000000;\">\u00bb <\/span><\/strong>Z\u0142\u0105cze SMAm<\/span><br \/>\n<span style=\"font-size: 12pt; font-family: georgia, palatino, serif;\"><strong><span style=\"color: #000000;\">\u00bb <\/span><\/strong>Zysk: &lt;4.5 dBi<\/span><br \/>\n<span style=\"font-size: 12pt; font-family: georgia, palatino, serif;\"><strong><span style=\"color: #000000;\">\u00bb <\/span><\/strong>VSWR &lt;2,1<\/span><br \/>\n<span style=\"font-size: 12pt; font-family: georgia, palatino, serif;\"><strong><span style=\"color: #000000;\">\u00bb <\/span><\/strong>Impedancja: 50 Ohm<\/span><br \/>\n<span style=\"font-size: 12pt; font-family: georgia, palatino, serif;\"><strong><span style=\"color: #000000;\">\u00bb <\/span><\/strong>Polaryzacja: pionowa<\/span><br \/>\n<span style=\"font-size: 12pt; font-family: georgia, palatino, serif;\"><strong><span style=\"color: #000000;\">\u00bb <\/span><\/strong>Wymiary: 20 x 151 mm<\/span><br \/>\n<span style=\"font-size: 12pt; font-family: georgia, palatino, serif;\"><strong><span style=\"color: #000000;\">\u00bb <\/span><\/strong>Kolor: czarny<\/span><br \/>\n<span style=\"font-size: 12pt; font-family: georgia, palatino, serif;\"><strong><span style=\"color: #000000;\">\u00bb <\/span><\/strong>Temp. pracy: -40\u00b0C \u00f7 80\u00b0C<br \/>\n<span style=\"color: #000000;\">\u00bb Zastosowanie: antena do urz\u0105dze\u0144 GSM\/LTE (2G\/4G)<\/span><br \/>\n<\/span><\/p>\n<p style=\"text-align: center;\">\n","protected":false},"excerpt":{"rendered":"<p><span style=\"font-size: 14pt;\">Antena GSM\/LTE do monta\u017cu w z\u0142\u0105czu SMA, pionowa\/k\u0105towa 90\u00b0. <\/span><\/p>\n","protected":false},"featured_media":13918,"comment_status":"open","ping_status":"closed","template":"","meta":{"_acf_changed":false,"rank_math_lock_modified_date":false,"inline_featured_image":false},"product_cat":[436],"product_tag":[],"class_list":{"0":"post-13916","1":"product","2":"type-product","3":"status-publish","4":"has-post-thumbnail","6":"product_cat-anteny-gsm-lte","8":"first","9":"instock","10":"taxable","11":"shipping-taxable","12":"purchasable","13":"product-type-simple"},"acf":[],"_links":{"self":[{"href":"https:\/\/ropam.com.pl\/wsparcie\/wp-json\/wp\/v2\/product\/13916","targetHints":{"allow":["GET"]}}],"collection":[{"href":"https:\/\/ropam.com.pl\/wsparcie\/wp-json\/wp\/v2\/product"}],"about":[{"href":"https:\/\/ropam.com.pl\/wsparcie\/wp-json\/wp\/v2\/types\/product"}],"replies":[{"embeddable":true,"href":"https:\/\/ropam.com.pl\/wsparcie\/wp-json\/wp\/v2\/comments?post=13916"}],"wp:featuredmedia":[{"embeddable":true,"href":"https:\/\/ropam.com.pl\/wsparcie\/wp-json\/wp\/v2\/media\/13918"}],"wp:attachment":[{"href":"https:\/\/ropam.com.pl\/wsparcie\/wp-json\/wp\/v2\/media?parent=13916"}],"wp:term":[{"taxonomy":"product_cat","embeddable":true,"href":"https:\/\/ropam.com.pl\/wsparcie\/wp-json\/wp\/v2\/product_cat?post=13916"},{"taxonomy":"product_tag","embeddable":true,"href":"https:\/\/ropam.com.pl\/wsparcie\/wp-json\/wp\/v2\/product_tag?post=13916"}],"curies":[{"name":"wp","href":"https:\/\/api.w.org\/{rel}","templated":true}]}}